Last updated on 2025-10-22 11:51:05 CEST.
Flavor | Version | Tinstall | Tcheck | Ttotal | Status | Flags |
---|---|---|---|---|---|---|
r-devel-linux-x86_64-debian-clang | 1.115 | 21.22 | 235.66 | 256.88 | NOTE | |
r-devel-linux-x86_64-debian-gcc | 1.115 | 14.80 | 172.25 | 187.05 | NOTE | |
r-devel-linux-x86_64-fedora-clang | 1.115 | 55.00 | 347.52 | 402.52 | OK | |
r-devel-linux-x86_64-fedora-gcc | 1.115 | 45.00 | 351.35 | 396.35 | OK | |
r-devel-windows-x86_64 | 1.115 | 23.00 | 218.00 | 241.00 | OK | |
r-patched-linux-x86_64 | 1.115 | 19.71 | 229.18 | 248.89 | OK | |
r-release-linux-x86_64 | 1.115 | 19.69 | 225.90 | 245.59 | OK | |
r-release-macos-arm64 | 1.115 | 8.00 | 87.00 | 95.00 | OK | |
r-release-macos-x86_64 | 1.115 | 17.00 | 129.00 | 146.00 | OK | |
r-release-windows-x86_64 | 1.115 | 22.00 | 214.00 | 236.00 | OK | |
r-oldrel-macos-arm64 | 1.115 | 8.00 | 85.00 | 93.00 | OK | |
r-oldrel-macos-x86_64 | 1.115 | 13.00 | 125.00 | 138.00 | OK | |
r-oldrel-windows-x86_64 | 1.115 | 24.00 | 287.00 | 311.00 | OK |
Version: 1.115
Check: HTML version of manual
Result: NOTE
Found the following HTML validation problems:
corMat-set.html:50:1 (corMat-set.Rd:12): Warning: missing </ul> before </div>
corMat.html:46:1 (corMat.Rd:10): Warning: missing </ul> before </div>
Flavors: r-devel-linux-x86_64-debian-clang, r-devel-linux-x86_64-debian-gcc