CRAN Package Check Results for Package deident

Last updated on 2025-10-22 23:49:53 CEST.

Flavor Version Tinstall Tcheck Ttotal Status Flags
r-devel-linux-x86_64-debian-clang 1.0.0 21.41 116.33 137.74 NOTE
r-devel-linux-x86_64-debian-gcc 1.0.0 14.38 86.10 100.48 NOTE
r-devel-linux-x86_64-fedora-clang 1.0.0 60.00 155.39 215.39 NOTE
r-devel-linux-x86_64-fedora-gcc 1.0.0 48.00 169.85 217.85 NOTE
r-devel-windows-x86_64 1.0.0 21.00 126.00 147.00 NOTE
r-patched-linux-x86_64 1.0.0 22.07 109.47 131.54 NOTE
r-release-linux-x86_64 1.0.0 20.52 110.45 130.97 NOTE
r-release-macos-arm64 1.0.0 8.00 56.00 64.00 NOTE
r-release-macos-x86_64 1.0.0 18.00 124.00 142.00 NOTE
r-release-windows-x86_64 1.0.0 25.00 126.00 151.00 NOTE
r-oldrel-macos-arm64 1.0.0 8.00 65.00 73.00 OK
r-oldrel-macos-x86_64 1.0.0 14.00 93.00 107.00 OK
r-oldrel-windows-x86_64 1.0.0 29.00 156.00 185.00 OK

Check Details

Version: 1.0.0
Check: DESCRIPTION meta-information
Result: NOTE Missing dependency on R >= 4.1.0 because package code uses the pipe |> or function shorthand \(...) syntax added in R 4.1.0. File(s) using such syntax: ‘api.R’ ‘category_blur.R’ ‘deident.R’ Flavors: r-devel-linux-x86_64-debian-clang, r-devel-linux-x86_64-debian-gcc, r-devel-linux-x86_64-fedora-clang, r-devel-linux-x86_64-fedora-gcc, r-devel-windows-x86_64, r-patched-linux-x86_64, r-release-linux-x86_64, r-release-macos-arm64, r-release-macos-x86_64, r-release-windows-x86_64

Version: 1.0.0
Check: HTML version of manual
Result: NOTE Found the following HTML validation problems: apply_deident.html:54:1 (apply_deident.Rd:14): Warning: missing </ul> before </div> apply_to_data_frame.html:54:1 (apply_to_data_frame.Rd:14): Warning: missing </ul> before </div> category_blur.html:50:1 (category_blur.Rd:12): Warning: missing </ul> before </div> create_deident.html:51:1 (create_deident.Rd:13): Warning: missing </ul> before </div> deident_job_from_folder.html:58:1 (deident_job_from_folder.Rd:18): Warning: missing </ul> before </div> Flavor: r-devel-linux-x86_64-debian-clang