Last updated on 2025-10-24 11:50:44 CEST.
| Flavor | Version | Tinstall | Tcheck | Ttotal | Status | Flags |
|---|---|---|---|---|---|---|
| r-devel-linux-x86_64-debian-clang | 0.1.5 | 15.30 | 136.14 | 151.44 | NOTE | |
| r-devel-linux-x86_64-debian-gcc | 0.1.5 | 12.96 | 97.58 | 110.54 | NOTE | |
| r-devel-linux-x86_64-fedora-clang | 0.1.5 | 46.00 | 189.65 | 235.65 | OK | |
| r-devel-linux-x86_64-fedora-gcc | 0.1.5 | 34.00 | 197.32 | 231.32 | OK | |
| r-devel-windows-x86_64 | 0.1.5 | 18.00 | 130.00 | 148.00 | OK | |
| r-patched-linux-x86_64 | 0.1.5 | 16.48 | 124.22 | 140.70 | OK | |
| r-release-linux-x86_64 | 0.1.5 | 14.86 | 126.81 | 141.67 | OK | |
| r-release-macos-arm64 | 0.1.5 | 7.00 | 55.00 | 62.00 | OK | |
| r-release-macos-x86_64 | 0.1.5 | 14.00 | 115.00 | 129.00 | OK | |
| r-release-windows-x86_64 | 0.1.5 | 19.00 | 129.00 | 148.00 | OK | |
| r-oldrel-macos-arm64 | 0.1.5 | 7.00 | 58.00 | 65.00 | OK | |
| r-oldrel-macos-x86_64 | 0.1.5 | 19.00 | 95.00 | 114.00 | OK | |
| r-oldrel-windows-x86_64 | 0.1.5 | 24.00 | 176.00 | 200.00 | OK |
Version: 0.1.5
Check: Rd files
Result: NOTE
checkRd: (-1) daily.data.Rd:16-27: Only 4 columns allowed in this table (row 1 has 3)
checkRd: (-1) daily.data.Rd:16-27: Only 4 columns allowed in this table (row 2 has 3)
checkRd: (-1) daily.data.Rd:16-27: Only 4 columns allowed in this table (row 3 has 3)
checkRd: (-1) daily.data.Rd:16-27: Only 4 columns allowed in this table (row 4 has 3)
checkRd: (-1) daily.data.Rd:16-27: Only 4 columns allowed in this table (row 5 has 3)
checkRd: (-1) daily.data.Rd:16-27: Only 4 columns allowed in this table (row 6 has 3)
checkRd: (-1) daily.data.Rd:16-27: Only 4 columns allowed in this table (row 7 has 3)
checkRd: (-1) daily.data.Rd:16-27: Only 4 columns allowed in this table (row 8 has 3)
checkRd: (-1) daily.data.Rd:16-27: Only 4 columns allowed in this table (row 9 has 3)
checkRd: (-1) daily.data.Rd:16-27: Only 4 columns allowed in this table (row 10 has 3)
checkRd: (-1) phase.sc.Rd:19-29: Only 4 columns allowed in this table (row 1 has 3)
checkRd: (-1) phase.sc.Rd:19-29: Only 4 columns allowed in this table (row 2 has 3)
checkRd: (-1) phase.sc.Rd:19-29: Only 4 columns allowed in this table (row 3 has 3)
checkRd: (-1) phase.sc.Rd:19-29: Only 4 columns allowed in this table (row 4 has 3)
checkRd: (-1) phase.sc.Rd:19-29: Only 4 columns allowed in this table (row 5 has 3)
checkRd: (-1) phase.sc.Rd:19-29: Only 4 columns allowed in this table (row 6 has 3)
checkRd: (-1) phase.sc.Rd:19-29: Only 4 columns allowed in this table (row 7 has 3)
checkRd: (-1) phase.sc.Rd:19-29: Only 4 columns allowed in this table (row 8 has 3)
checkRd: (-1) phase.sc.Rd:19-29: Only 4 columns allowed in this table (row 9 has 3)
checkRd: (-1) phase.zg.Rd:16-30: Only 4 columns allowed in this table (row 1 has 3)
checkRd: (-1) phase.zg.Rd:16-30: Only 4 columns allowed in this table (row 2 has 3)
checkRd: (-1) phase.zg.Rd:16-30: Only 4 columns allowed in this table (row 3 has 3)
checkRd: (-1) phase.zg.Rd:16-30: Only 4 columns allowed in this table (row 4 has 3)
checkRd: (-1) phase.zg.Rd:16-30: Only 4 columns allowed in this table (row 5 has 3)
checkRd: (-1) phase.zg.Rd:16-30: Only 4 columns allowed in this table (row 6 has 3)
checkRd: (-1) phase.zg.Rd:16-30: Only 4 columns allowed in this table (row 7 has 3)
checkRd: (-1) phase.zg.Rd:16-30: Only 4 columns allowed in this table (row 8 has 3)
checkRd: (-1) phase.zg.Rd:16-30: Only 4 columns allowed in this table (row 9 has 3)
checkRd: (-1) phase.zg.Rd:16-30: Only 4 columns allowed in this table (row 10 has 3)
checkRd: (-1) phase.zg.Rd:16-30: Only 4 columns allowed in this table (row 11 has 3)
checkRd: (-1) phase.zg.Rd:16-30: Only 4 columns allowed in this table (row 12 has 3)
checkRd: (-1) phase.zg.Rd:16-30: Only 4 columns allowed in this table (row 13 has 3)
Flavors: r-devel-linux-x86_64-debian-clang, r-devel-linux-x86_64-debian-gcc