Last updated on 2025-10-22 05:51:05 CEST.
Flavor | Version | Tinstall | Tcheck | Ttotal | Status | Flags |
---|---|---|---|---|---|---|
r-devel-linux-x86_64-debian-clang | 1.2.2 | 112.20 | 61.16 | 173.36 | NOTE | |
r-devel-linux-x86_64-debian-gcc | 1.2.2 | 77.94 | 48.21 | 126.15 | NOTE | |
r-devel-linux-x86_64-fedora-clang | 1.2.2 | 287.00 | 40.76 | 327.76 | OK | |
r-devel-linux-x86_64-fedora-gcc | 1.2.2 | 200.00 | 121.00 | 321.00 | OK | |
r-devel-windows-x86_64 | 1.2.2 | 136.00 | 99.00 | 235.00 | OK | |
r-patched-linux-x86_64 | 1.2.2 | 115.36 | 57.23 | 172.59 | OK | |
r-release-linux-x86_64 | 1.2.2 | 116.15 | 58.34 | 174.49 | OK | |
r-release-macos-arm64 | 1.2.2 | 41.00 | 39.00 | 80.00 | OK | |
r-release-macos-x86_64 | 1.2.2 | 47.00 | 72.00 | 119.00 | OK | |
r-release-windows-x86_64 | 1.2.2 | 136.00 | 102.00 | 238.00 | OK | |
r-oldrel-macos-arm64 | 1.2.2 | 40.00 | 41.00 | 81.00 | NOTE | |
r-oldrel-macos-x86_64 | 1.2.2 | 45.00 | 75.00 | 120.00 | NOTE | |
r-oldrel-windows-x86_64 | 1.2.2 | 157.00 | 125.00 | 282.00 | NOTE |
Version: 1.2.2
Check: HTML version of manual
Result: NOTE
Found the following HTML validation problems:
plot.denim.html:67:1 (plot.denim.Rd:20): Warning: missing </ul> before </div>
Flavors: r-devel-linux-x86_64-debian-clang, r-devel-linux-x86_64-debian-gcc
Version: 1.2.2
Check: installed package size
Result: NOTE
installed size is 17.3Mb
sub-directories of 1Mb or more:
doc 2.4Mb
help 1.6Mb
libs 13.2Mb
Flavors: r-oldrel-macos-arm64, r-oldrel-macos-x86_64, r-oldrel-windows-x86_64