Last updated on 2025-10-22 11:51:05 CEST.
Flavor | Version | Tinstall | Tcheck | Ttotal | Status | Flags |
---|---|---|---|---|---|---|
r-devel-linux-x86_64-debian-clang | 0.2.2 | 90.21 | 535.53 | 625.74 | NOTE | |
r-devel-linux-x86_64-debian-gcc | 0.2.2 | 62.26 | 334.27 | 396.53 | NOTE | |
r-devel-linux-x86_64-fedora-clang | 0.2.2 | 258.00 | 587.38 | 845.38 | OK | |
r-devel-linux-x86_64-fedora-gcc | 0.2.2 | 103.00 | 691.01 | 794.01 | OK | |
r-devel-windows-x86_64 | 0.2.2 | 106.00 | 289.00 | 395.00 | OK | |
r-patched-linux-x86_64 | 0.2.2 | 91.25 | 440.35 | 531.60 | OK | |
r-release-linux-x86_64 | 0.2.2 | 93.12 | 438.40 | 531.52 | OK | |
r-release-macos-arm64 | 0.2.2 | 34.00 | 131.00 | 165.00 | OK | |
r-release-macos-x86_64 | 0.2.2 | 35.00 | 260.00 | 295.00 | OK | |
r-release-windows-x86_64 | 0.2.2 | 108.00 | 283.00 | 391.00 | OK | |
r-oldrel-macos-arm64 | 0.2.2 | 32.00 | 132.00 | 164.00 | NOTE | |
r-oldrel-macos-x86_64 | 0.2.2 | 42.00 | 265.00 | 307.00 | NOTE | |
r-oldrel-windows-x86_64 | 0.2.2 | 122.00 | 392.00 | 514.00 | OK |
Version: 0.2.2
Check: tests
Result: NOTE
Running ‘testthat.R’ [271s/62s]
Running R code in ‘testthat.R’ had CPU time 4.4 times elapsed time
Flavor: r-devel-linux-x86_64-debian-clang
Version: 0.2.2
Check: HTML version of manual
Result: NOTE
Found the following HTML validation problems:
distance.html:52:1 (distance.Rd:14): Warning: missing </ul> before </div>
kernel_gaussian.html:44:1 (kernel_gaussian.Rd:9): Warning: missing </ul> before </div>
Flavors: r-devel-linux-x86_64-debian-clang, r-devel-linux-x86_64-debian-gcc
Version: 0.2.2
Check: tests
Result: NOTE
Running ‘testthat.R’ [167s/50s]
Running R code in ‘testthat.R’ had CPU time 3.3 times elapsed time
Flavor: r-devel-linux-x86_64-debian-gcc
Version: 0.2.2
Check: installed package size
Result: NOTE
installed size is 8.1Mb
sub-directories of 1Mb or more:
libs 6.3Mb
Flavors: r-oldrel-macos-arm64, r-oldrel-macos-x86_64