Last updated on 2025-10-22 23:49:53 CEST.
Flavor | Version | Tinstall | Tcheck | Ttotal | Status | Flags |
---|---|---|---|---|---|---|
r-devel-linux-x86_64-debian-clang | 1.7.0 | 131.91 | 252.05 | 383.96 | NOTE | |
r-devel-linux-x86_64-debian-gcc | 1.7.0 | 85.97 | 175.42 | 261.39 | OK | |
r-devel-linux-x86_64-fedora-clang | 1.7.0 | 243.00 | 429.17 | 672.17 | OK | |
r-devel-linux-x86_64-fedora-gcc | 1.7.0 | 201.00 | 395.89 | 596.89 | OK | |
r-devel-windows-x86_64 | 1.7.0 | 146.00 | 206.00 | 352.00 | OK | |
r-patched-linux-x86_64 | 1.7.0 | 124.92 | 234.16 | 359.08 | OK | |
r-release-linux-x86_64 | 1.7.0 | 128.43 | 229.17 | 357.60 | OK | |
r-release-macos-arm64 | 1.7.0 | 47.00 | 235.00 | 282.00 | OK | |
r-release-macos-x86_64 | 1.7.0 | 103.00 | 309.00 | 412.00 | OK | |
r-release-windows-x86_64 | 1.7.0 | 156.00 | 207.00 | 363.00 | OK | |
r-oldrel-macos-arm64 | 1.7.0 | 42.00 | 97.00 | 139.00 | NOTE | |
r-oldrel-macos-x86_64 | 1.7.0 | 94.00 | 321.00 | 415.00 | NOTE | |
r-oldrel-windows-x86_64 | 1.7.0 | 175.00 | 269.00 | 444.00 | OK |
Version: 1.7.0
Check: HTML version of manual
Result: NOTE
Found the following HTML validation problems:
close_project.html:46:1 (close_project.Rd:10): Warning: missing </ul> before </div>
coef.inter.html:56:1 (coef.inter.Rd:15): Warning: missing </ul> before </div>
plot.p2pass.html:64:1 (plot.p2pass.Rd:21): Warning: missing </ul> before </div>
standards_db.html:74:1 (standards_db.Rd:28): Warning: missing </ul> before </div>
Flavor: r-devel-linux-x86_64-debian-clang
Version: 1.7.0
Check: installed package size
Result: NOTE
installed size is 11.1Mb
sub-directories of 1Mb or more:
doc 1.4Mb
libs 8.9Mb
Flavors: r-oldrel-macos-arm64, r-oldrel-macos-x86_64