Last updated on 2025-10-24 18:49:53 CEST.
| Flavor | Version | Tinstall | Tcheck | Ttotal | Status | Flags |
|---|---|---|---|---|---|---|
| r-devel-linux-x86_64-debian-clang | 0.6.37 | 11.93 | 31.34 | 43.27 | NOTE | |
| r-devel-linux-x86_64-debian-gcc | 0.6.37 | 10.12 | 24.53 | 34.65 | NOTE | |
| r-devel-linux-x86_64-fedora-clang | 0.6.37 | 31.00 | 33.49 | 64.49 | OK | |
| r-devel-linux-x86_64-fedora-gcc | 0.6.37 | 30.00 | 49.56 | 79.56 | OK | |
| r-devel-windows-x86_64 | 0.6.37 | 26.00 | 51.00 | 77.00 | OK | |
| r-patched-linux-x86_64 | 0.6.37 | 12.29 | 28.05 | 40.34 | NOTE | |
| r-release-linux-x86_64 | 0.6.37 | 11.30 | 28.12 | 39.42 | NOTE | |
| r-release-macos-arm64 | 0.6.37 | 7.00 | 24.00 | 31.00 | OK | |
| r-release-macos-x86_64 | 0.6.37 | 8.00 | 43.00 | 51.00 | OK | |
| r-release-windows-x86_64 | 0.6.37 | 26.00 | 53.00 | 79.00 | OK | |
| r-oldrel-macos-arm64 | 0.6.37 | 6.00 | 50.00 | 56.00 | OK | |
| r-oldrel-macos-x86_64 | 0.6.37 | 24.00 | 94.00 | 118.00 | OK | |
| r-oldrel-windows-x86_64 | 0.6.37 | 26.00 | 58.00 | 84.00 | OK |
Version: 0.6.37
Check: for unstated dependencies in ‘demo’
Result: NOTE
'::' or ':::' import not declared from: ‘rbenchmark’
Flavors: r-devel-linux-x86_64-debian-clang, r-devel-linux-x86_64-debian-gcc, r-patched-linux-x86_64, r-release-linux-x86_64