Last updated on 2025-10-24 11:50:44 CEST.
| Flavor | Version | Tinstall | Tcheck | Ttotal | Status | Flags |
|---|---|---|---|---|---|---|
| r-devel-linux-x86_64-debian-clang | 1.1.0 | 3.14 | 54.75 | 57.89 | NOTE | |
| r-devel-linux-x86_64-debian-gcc | 1.1.0 | 2.64 | 41.94 | 44.58 | NOTE | |
| r-devel-linux-x86_64-fedora-clang | 1.1.0 | 90.95 | NOTE | |||
| r-devel-linux-x86_64-fedora-gcc | 1.1.0 | 97.96 | NOTE | |||
| r-devel-windows-x86_64 | 1.1.0 | 5.00 | 68.00 | 73.00 | NOTE | |
| r-patched-linux-x86_64 | 1.1.0 | 3.43 | 49.81 | 53.24 | NOTE | |
| r-release-linux-x86_64 | 1.1.0 | 3.39 | 50.48 | 53.87 | NOTE | |
| r-release-macos-arm64 | 1.1.0 | 2.00 | 34.00 | 36.00 | NOTE | |
| r-release-macos-x86_64 | 1.1.0 | 3.00 | 60.00 | 63.00 | NOTE | |
| r-release-windows-x86_64 | 1.1.0 | 6.00 | 71.00 | 77.00 | NOTE | |
| r-oldrel-macos-arm64 | 1.1.0 | 2.00 | 32.00 | 34.00 | OK | |
| r-oldrel-macos-x86_64 | 1.1.0 | 3.00 | 47.00 | 50.00 | OK | |
| r-oldrel-windows-x86_64 | 1.1.0 | 7.00 | 88.00 | 95.00 | OK |
Version: 1.1.0
Check: DESCRIPTION meta-information
Result: NOTE
Missing dependency on R >= 4.1.0 because package code uses the pipe
|> or function shorthand \(...) syntax added in R 4.1.0.
File(s) using such syntax:
‘dilp_functions.R’
Flavors: r-devel-linux-x86_64-debian-clang, r-devel-linux-x86_64-debian-gcc, r-devel-linux-x86_64-fedora-clang, r-devel-linux-x86_64-fedora-gcc, r-devel-windows-x86_64, r-patched-linux-x86_64, r-release-linux-x86_64, r-release-macos-arm64, r-release-macos-x86_64, r-release-windows-x86_64