Last updated on 2025-10-21 17:49:46 CEST.
Flavor | Version | Tinstall | Tcheck | Ttotal | Status | Flags |
---|---|---|---|---|---|---|
r-devel-linux-x86_64-debian-clang | 1.2.4.1 | 2.98 | 135.66 | 138.64 | NOTE | |
r-devel-linux-x86_64-debian-gcc | 1.2.4.1 | 2.36 | 95.05 | 97.41 | NOTE | |
r-devel-linux-x86_64-fedora-clang | 1.2.4.1 | 219.82 | OK | |||
r-devel-linux-x86_64-fedora-gcc | 1.2.4.1 | 221.20 | OK | |||
r-devel-windows-x86_64 | 1.2.4.1 | 4.00 | 117.00 | 121.00 | OK | |
r-patched-linux-x86_64 | 1.2.4.1 | 3.23 | 126.70 | 129.93 | OK | |
r-release-linux-x86_64 | 1.2.4.1 | 2.74 | 126.39 | 129.13 | OK | |
r-release-macos-arm64 | 1.2.4.1 | 1.00 | 104.00 | 105.00 | OK | |
r-release-macos-x86_64 | 1.2.4.1 | 3.00 | 127.00 | 130.00 | OK | |
r-release-windows-x86_64 | 1.2.4.1 | 6.00 | 119.00 | 125.00 | OK | |
r-oldrel-macos-arm64 | 1.2.4.1 | 1.00 | 95.00 | 96.00 | OK | |
r-oldrel-macos-x86_64 | 1.2.4.1 | 3.00 | 126.00 | 129.00 | OK | |
r-oldrel-windows-x86_64 | 1.2.4.1 | 6.00 | 154.00 | 160.00 | OK |
Version: 1.2.4.1
Check: HTML version of manual
Result: NOTE
Found the following HTML validation problems:
discord_data_fast.html:95:1 (discord_data_fast.Rd:43): Warning: missing </ul> before </div>
discord_data_ram_optimized.html:95:1 (discord_data_ram_optimized.Rd:43): Warning: missing </ul> before </div>
make_mean_diffs.html:52:1 (make_mean_diffs.Rd:12): Warning: missing </ul> before </div>
Flavors: r-devel-linux-x86_64-debian-clang, r-devel-linux-x86_64-debian-gcc