Last updated on 2025-10-24 05:50:37 CEST.
| Flavor | Version | Tinstall | Tcheck | Ttotal | Status | Flags |
|---|---|---|---|---|---|---|
| r-devel-linux-x86_64-debian-clang | 0.2-3 | 39.43 | 369.38 | 408.81 | NOTE | |
| r-devel-linux-x86_64-debian-gcc | 0.2-3 | 23.57 | 235.56 | 259.13 | NOTE | |
| r-devel-linux-x86_64-fedora-clang | 0.2-3 | 102.00 | 552.71 | 654.71 | OK | |
| r-devel-linux-x86_64-fedora-gcc | 0.2-3 | 87.00 | 528.46 | 615.46 | OK | |
| r-devel-windows-x86_64 | 0.2-3 | 36.00 | 270.00 | 306.00 | OK | |
| r-patched-linux-x86_64 | 0.2-3 | 36.31 | 347.31 | 383.62 | OK | |
| r-release-linux-x86_64 | 0.2-3 | 36.23 | 346.03 | 382.26 | OK | |
| r-release-macos-arm64 | 0.2-3 | 15.00 | 135.00 | 150.00 | OK | |
| r-release-macos-x86_64 | 0.2-3 | 37.00 | 271.00 | 308.00 | OK | |
| r-release-windows-x86_64 | 0.2-3 | 36.00 | 270.00 | 306.00 | OK | |
| r-oldrel-macos-arm64 | 0.2-3 | 16.00 | 121.00 | 137.00 | OK | |
| r-oldrel-macos-x86_64 | 0.2-3 | 25.00 | 204.00 | 229.00 | OK | |
| r-oldrel-windows-x86_64 | 0.2-3 | 50.00 | 395.00 | 445.00 | OK |
Version: 0.2-3
Check: CRAN incoming feasibility
Result: NOTE
Maintainer: ‘Pierre Roudier <roudierp@landcareresearch.co.nz>’
Found the following URLs which should use \doi (with the DOI name only):
File ‘dissever.Rd’:
http://dx.doi.org/10.1016/j.cageo.2011.08.021
File ‘edgeroi.Rd’:
http://dx.doi.org/10.1016/S0016-7061(03)00223-4
http://dx.doi.org/10.1016/j.geoderma.2009.10.007
Flavors: r-devel-linux-x86_64-debian-clang, r-devel-linux-x86_64-debian-gcc