Last updated on 2025-10-22 23:49:53 CEST.
Flavor | Version | Tinstall | Tcheck | Ttotal | Status | Flags |
---|---|---|---|---|---|---|
r-devel-linux-x86_64-debian-clang | 2.0.2 | 49.01 | 319.88 | 368.89 | OK | |
r-devel-linux-x86_64-debian-gcc | 2.0.2 | 37.82 | 189.50 | 227.32 | OK | |
r-devel-linux-x86_64-fedora-clang | 2.0.2 | 297.00 | 345.04 | 642.04 | OK | |
r-devel-linux-x86_64-fedora-gcc | 2.0.2 | 93.00 | 493.65 | 586.65 | OK | |
r-devel-windows-x86_64 | 2.0.2 | 63.00 | 338.00 | 401.00 | OK | |
r-patched-linux-x86_64 | 2.0.2 | 60.65 | 299.18 | 359.83 | OK | |
r-release-linux-x86_64 | 2.0.2 | 55.24 | 305.89 | 361.13 | OK | |
r-release-macos-arm64 | 2.0.2 | 22.00 | 62.00 | 84.00 | OK | |
r-release-macos-x86_64 | 2.0.2 | 21.00 | 129.00 | 150.00 | OK | |
r-release-windows-x86_64 | 2.0.2 | 64.00 | 347.00 | 411.00 | OK | |
r-oldrel-macos-arm64 | 2.0.2 | 19.00 | 69.00 | 88.00 | NOTE | |
r-oldrel-macos-x86_64 | 2.0.2 | 31.00 | 187.00 | 218.00 | OK | |
r-oldrel-windows-x86_64 | 2.0.2 | 75.00 | 455.00 | 530.00 | OK |
Version: 2.0.2
Check: installed package size
Result: NOTE
installed size is 5.1Mb
sub-directories of 1Mb or more:
libs 3.4Mb
Flavor: r-oldrel-macos-arm64