Last updated on 2025-10-25 00:49:34 CEST.
| Flavor | Version | Tinstall | Tcheck | Ttotal | Status | Flags |
|---|---|---|---|---|---|---|
| r-devel-linux-x86_64-debian-clang | 0.2.0 | 2.55 | 42.47 | 45.02 | NOTE | |
| r-devel-linux-x86_64-debian-gcc | 0.2.0 | 1.82 | 31.01 | 32.83 | NOTE | |
| r-devel-linux-x86_64-fedora-clang | 0.2.0 | 67.58 | NOTE | |||
| r-devel-linux-x86_64-fedora-gcc | 0.2.0 | 77.85 | NOTE | |||
| r-devel-windows-x86_64 | 0.2.0 | 5.00 | 72.00 | 77.00 | NOTE | |
| r-patched-linux-x86_64 | 0.2.0 | 2.45 | 39.63 | 42.08 | NOTE | |
| r-release-linux-x86_64 | 0.2.0 | 1.92 | 39.75 | 41.67 | NOTE | |
| r-release-macos-arm64 | 0.2.0 | 1.00 | 30.00 | 31.00 | NOTE | |
| r-release-macos-x86_64 | 0.2.0 | 2.00 | 50.00 | 52.00 | NOTE | |
| r-release-windows-x86_64 | 0.2.0 | 5.00 | 74.00 | 79.00 | NOTE | |
| r-oldrel-macos-arm64 | 0.2.0 | 1.00 | 28.00 | 29.00 | NOTE | |
| r-oldrel-macos-x86_64 | 0.2.0 | 2.00 | 39.00 | 41.00 | NOTE | |
| r-oldrel-windows-x86_64 | 0.2.0 | 7.00 | 84.00 | 91.00 | NOTE |
Version: 0.2.0
Check: package subdirectories
Result: NOTE
Problems with news in ‘NEWS.md’:
No news entries found.
Flavors: r-devel-linux-x86_64-debian-clang, r-devel-linux-x86_64-debian-gcc, r-devel-linux-x86_64-fedora-clang, r-devel-linux-x86_64-fedora-gcc, r-devel-windows-x86_64, r-patched-linux-x86_64, r-release-linux-x86_64, r-release-macos-arm64, r-release-macos-x86_64, r-release-windows-x86_64, r-oldrel-macos-arm64, r-oldrel-macos-x86_64, r-oldrel-windows-x86_64
Version: 0.2.0
Check: Rd files
Result: NOTE
checkRd: (-1) dapply.Rd:27-30: Lost braces
27 | udf <- function(x){
| ^
Flavors: r-devel-linux-x86_64-debian-clang, r-devel-linux-x86_64-debian-gcc, r-devel-linux-x86_64-fedora-clang, r-devel-linux-x86_64-fedora-gcc, r-devel-windows-x86_64, r-patched-linux-x86_64, r-release-linux-x86_64, r-release-macos-arm64, r-release-macos-x86_64, r-release-windows-x86_64, r-oldrel-macos-arm64, r-oldrel-macos-x86_64, r-oldrel-windows-x86_64
Version: 0.2.0
Check: dependencies in R code
Result: NOTE
Namespaces in Imports field not imported from:
‘dplyr’ ‘proxy’
All declared Imports should be used.
Flavors: r-devel-linux-x86_64-fedora-clang, r-devel-linux-x86_64-fedora-gcc