Last updated on 2025-10-25 00:49:35 CEST.
| Flavor | Version | Tinstall | Tcheck | Ttotal | Status | Flags |
|---|---|---|---|---|---|---|
| r-devel-linux-x86_64-debian-clang | 2.9.7 | 49.13 | 185.36 | 234.49 | NOTE | |
| r-devel-linux-x86_64-debian-gcc | 2.9.7 | 26.10 | 120.56 | 146.66 | NOTE | |
| r-devel-linux-x86_64-fedora-clang | 2.9.7 | 157.00 | 209.06 | 366.06 | OK | |
| r-devel-linux-x86_64-fedora-gcc | 2.9.7 | 204.00 | 173.67 | 377.67 | NOTE | |
| r-devel-windows-x86_64 | 2.9.7 | 40.00 | 224.00 | 264.00 | OK | |
| r-patched-linux-x86_64 | 2.9.7 | 45.86 | 174.31 | 220.17 | OK | |
| r-release-linux-x86_64 | 2.9.7 | 43.85 | 178.90 | 222.75 | OK | |
| r-release-macos-arm64 | 2.9.7 | 18.00 | 87.00 | 105.00 | OK | |
| r-release-macos-x86_64 | 2.9.7 | 40.00 | 182.00 | 222.00 | OK | |
| r-release-windows-x86_64 | 2.9.7 | 41.00 | 225.00 | 266.00 | OK | |
| r-oldrel-macos-arm64 | 2.9.7 | 15.00 | 79.00 | 94.00 | OK | |
| r-oldrel-macos-x86_64 | 2.9.7 | 35.00 | 151.00 | 186.00 | OK | |
| r-oldrel-windows-x86_64 | 2.9.7 | 62.00 | 269.00 | 331.00 | OK |
Version: 2.9.7
Check: Rd files
Result: NOTE
checkRd: (-1) 0distrMod-package.Rd:14-26: Only 2 columns allowed in this table (row 7 has 1)
Flavors: r-devel-linux-x86_64-debian-clang, r-devel-linux-x86_64-debian-gcc, r-devel-linux-x86_64-fedora-gcc