Last updated on 2025-10-22 11:51:06 CEST.
Flavor | Version | Tinstall | Tcheck | Ttotal | Status | Flags |
---|---|---|---|---|---|---|
r-devel-linux-x86_64-debian-clang | 2.8.5 | 19.70 | 54.09 | 73.79 | NOTE | |
r-devel-linux-x86_64-debian-gcc | 2.8.5 | 11.25 | 40.92 | 52.17 | NOTE | |
r-devel-linux-x86_64-fedora-clang | 2.8.5 | 52.00 | 61.40 | 113.40 | OK | |
r-devel-linux-x86_64-fedora-gcc | 2.8.5 | 39.00 | 66.81 | 105.81 | OK | |
r-devel-windows-x86_64 | 2.8.5 | 18.00 | 67.00 | 85.00 | OK | |
r-patched-linux-x86_64 | 2.8.5 | 18.54 | 50.68 | 69.22 | OK | |
r-release-linux-x86_64 | 2.8.5 | 17.05 | 51.37 | 68.42 | OK | |
r-release-macos-arm64 | 2.8.5 | 7.00 | 29.00 | 36.00 | OK | |
r-release-macos-x86_64 | 2.8.5 | 16.00 | 45.00 | 61.00 | OK | |
r-release-windows-x86_64 | 2.8.5 | 16.00 | 68.00 | 84.00 | OK | |
r-oldrel-macos-arm64 | 2.8.5 | 6.00 | 23.00 | 29.00 | OK | |
r-oldrel-macos-x86_64 | 2.8.5 | 13.00 | 43.00 | 56.00 | OK | |
r-oldrel-windows-x86_64 | 2.8.5 | 19.00 | 84.00 | 103.00 | OK |
Version: 2.8.5
Check: HTML version of manual
Result: NOTE
Found the following HTML validation problems:
0distrSim-package.html:164:1 (0distrSim-package.Rd:118): Warning: <h3> anchor "Start-up-Banner" already defined
Flavors: r-devel-linux-x86_64-debian-clang, r-devel-linux-x86_64-debian-gcc