CRAN Package Check Results for Package dng

Last updated on 2025-10-21 23:50:52 CEST.

Flavor Version Tinstall Tcheck Ttotal Status Flags
r-devel-linux-x86_64-debian-clang 0.2.1 63.48 25.84 89.32 NOTE
r-devel-linux-x86_64-debian-gcc 0.2.1 42.23 20.77 63.00 NOTE
r-devel-linux-x86_64-fedora-clang 0.2.1 184.00 2.57 186.57 OK
r-devel-linux-x86_64-fedora-gcc 0.2.1 122.00 39.41 161.41 OK
r-devel-windows-x86_64 0.2.1 72.00 56.00 128.00 OK
r-patched-linux-x86_64 0.2.1 62.67 24.41 87.08 OK
r-release-linux-x86_64 0.2.1 65.25 24.33 89.58 OK
r-release-macos-arm64 0.2.1 26.00 19.00 45.00 OK
r-release-macos-x86_64 0.2.1 18.00 26.00 44.00 OK
r-release-windows-x86_64 0.2.1 71.00 60.00 131.00 OK
r-oldrel-macos-arm64 0.2.1 28.00 16.00 44.00 NOTE
r-oldrel-macos-x86_64 0.2.1 21.00 26.00 47.00 NOTE
r-oldrel-windows-x86_64 0.2.1 70.00 75.00 145.00 NOTE

Check Details

Version: 0.2.1
Check: CRAN incoming feasibility
Result: NOTE Maintainer: ‘Jiayue Zeng <zengjiayue@126.com>’ Package CITATION file contains call(s) to old-style personList() or as.personList(). Please use c() on person objects instead. Package CITATION file contains call(s) to old-style citEntry(). Please use bibentry() instead. Flavors: r-devel-linux-x86_64-debian-clang, r-devel-linux-x86_64-debian-gcc

Version: 0.2.1
Check: LazyData
Result: NOTE 'LazyData' is specified without a 'data' directory Flavors: r-oldrel-macos-arm64, r-oldrel-macos-x86_64, r-oldrel-windows-x86_64