Last updated on 2025-10-21 17:49:46 CEST.
Flavor | Version | Tinstall | Tcheck | Ttotal | Status | Flags |
---|---|---|---|---|---|---|
r-devel-linux-x86_64-debian-clang | 0.0.3 | 1.82 | 25.14 | 26.96 | NOTE | |
r-devel-linux-x86_64-debian-gcc | 0.0.3 | 1.40 | 20.34 | 21.74 | NOTE | |
r-devel-linux-x86_64-fedora-clang | 0.0.3 | 39.30 | OK | |||
r-devel-linux-x86_64-fedora-gcc | 0.0.3 | 36.27 | OK | |||
r-devel-windows-x86_64 | 0.0.3 | 4.00 | 43.00 | 47.00 | OK | |
r-patched-linux-x86_64 | 0.0.3 | 1.79 | 22.83 | 24.62 | OK | |
r-release-linux-x86_64 | 0.0.3 | 1.60 | 22.82 | 24.42 | OK | |
r-release-macos-arm64 | 0.0.3 | 1.00 | 19.00 | 20.00 | OK | |
r-release-macos-x86_64 | 0.0.3 | 2.00 | 26.00 | 28.00 | OK | |
r-release-windows-x86_64 | 0.0.3 | 3.00 | 46.00 | 49.00 | OK | |
r-oldrel-macos-arm64 | 0.0.3 | 1.00 | 16.00 | 17.00 | NOTE | |
r-oldrel-macos-x86_64 | 0.0.3 | 2.00 | 24.00 | 26.00 | NOTE | |
r-oldrel-windows-x86_64 | 0.0.3 | 4.00 | 50.00 | 54.00 | NOTE |
Version: 0.0.3
Check: CRAN incoming feasibility
Result: NOTE
Maintainer: ‘Carl Ganz <carl@cannadatasolutions.com>’
Found the following (possibly) invalid file URIs:
URI: CONDUCT.md
From: README.md
URI: CONTRIBUTE.md
From: README.md
Flavors: r-devel-linux-x86_64-debian-clang, r-devel-linux-x86_64-debian-gcc
Version: 0.0.3
Check: HTML version of manual
Result: NOTE
Found the following HTML validation problems:
docu_auth.html:56:1 (docu_auth.Rd:16): Warning: missing </ul> before </div>
docu_header.html:46:1 (docu_header.Rd:10): Warning: missing </ul> before </div>
parse_response.html:46:1 (parse_response.Rd:10): Warning: missing </ul> before </div>
Flavors: r-devel-linux-x86_64-debian-clang, r-devel-linux-x86_64-debian-gcc
Version: 0.0.3
Check: LazyData
Result: NOTE
'LazyData' is specified without a 'data' directory
Flavors: r-oldrel-macos-arm64, r-oldrel-macos-x86_64, r-oldrel-windows-x86_64