Last updated on 2025-10-21 23:50:52 CEST.
Flavor | Version | Tinstall | Tcheck | Ttotal | Status | Flags |
---|---|---|---|---|---|---|
r-devel-linux-x86_64-debian-clang | 1.0.0 | 14.24 | 26.12 | 40.36 | NOTE | |
r-devel-linux-x86_64-debian-gcc | 1.0.0 | 10.34 | 21.61 | 31.95 | NOTE | |
r-devel-linux-x86_64-fedora-clang | 1.0.0 | 52.00 | 18.20 | 70.20 | OK | |
r-devel-linux-x86_64-fedora-gcc | 1.0.0 | 35.00 | 29.40 | 64.40 | OK | |
r-devel-windows-x86_64 | 1.0.0 | 19.00 | 54.00 | 73.00 | OK | |
r-patched-linux-x86_64 | 1.0.0 | 15.59 | 23.56 | 39.15 | OK | |
r-release-linux-x86_64 | 1.0.0 | 14.15 | 23.68 | 37.83 | OK | |
r-release-macos-arm64 | 1.0.0 | 10.00 | 22.00 | 32.00 | OK | |
r-release-macos-x86_64 | 1.0.0 | 10.00 | 31.00 | 41.00 | OK | |
r-release-windows-x86_64 | 1.0.0 | 18.00 | 56.00 | 74.00 | OK | |
r-oldrel-macos-arm64 | 1.0.0 | 7.00 | 16.00 | 23.00 | OK | |
r-oldrel-macos-x86_64 | 1.0.0 | 9.00 | 20.00 | 29.00 | OK | |
r-oldrel-windows-x86_64 | 1.0.0 | 18.00 | 70.00 | 88.00 | OK |
Version: 1.0.0
Check: CRAN incoming feasibility
Result: NOTE
Maintainer: ‘Bingyuan Zhang <zhang@sigmath.es.osaka-u.ac.jp>’
No Authors@R field in DESCRIPTION.
Please add one, modifying
Authors@R: c(person(given = "Bingyuan",
family = "Zhang",
role = c("aut", "cre"),
email = "zhang@sigmath.es.osaka-u.ac.jp"),
person(given = "Jie",
family = "Chen",
role = "aut"),
person(given = "Yoshikazu",
family = "Terada",
role = "aut"))
as necessary.
Flavors: r-devel-linux-x86_64-debian-clang, r-devel-linux-x86_64-debian-gcc