Last updated on 2025-10-24 11:50:44 CEST.
| Flavor | Version | Tinstall | Tcheck | Ttotal | Status | Flags |
|---|---|---|---|---|---|---|
| r-devel-linux-x86_64-debian-clang | 0.1.0 | 5.08 | 47.70 | 52.78 | OK | |
| r-devel-linux-x86_64-debian-gcc | 0.1.0 | 3.92 | 36.45 | 40.37 | OK | |
| r-devel-linux-x86_64-fedora-clang | 0.1.0 | 13.00 | 68.66 | 81.66 | NOTE | |
| r-devel-linux-x86_64-fedora-gcc | 0.1.0 | 12.00 | 77.45 | 89.45 | NOTE | |
| r-devel-windows-x86_64 | 0.1.0 | 7.00 | 63.00 | 70.00 | OK | |
| r-patched-linux-x86_64 | 0.1.0 | 5.41 | 42.94 | 48.35 | OK | |
| r-release-linux-x86_64 | 0.1.0 | 5.24 | 43.30 | 48.54 | OK | |
| r-release-macos-arm64 | 0.1.0 | 3.00 | 37.00 | 40.00 | OK | |
| r-release-macos-x86_64 | 0.1.0 | 4.00 | 55.00 | 59.00 | OK | |
| r-release-windows-x86_64 | 0.1.0 | 8.00 | 64.00 | 72.00 | OK | |
| r-oldrel-macos-arm64 | 0.1.0 | 2.00 | 31.00 | 33.00 | NOTE | |
| r-oldrel-macos-x86_64 | 0.1.0 | 5.00 | 45.00 | 50.00 | NOTE | |
| r-oldrel-windows-x86_64 | 0.1.0 | 9.00 | 77.00 | 86.00 | NOTE |
Version: 0.1.0
Check: dependencies in R code
Result: NOTE
Namespaces in Imports field not imported from:
‘tidyr’ ‘tidyverse’
All declared Imports should be used.
Flavors: r-devel-linux-x86_64-fedora-clang, r-devel-linux-x86_64-fedora-gcc
Version: 0.1.0
Check: LazyData
Result: NOTE
'LazyData' is specified without a 'data' directory
Flavors: r-oldrel-macos-arm64, r-oldrel-macos-x86_64, r-oldrel-windows-x86_64