Last updated on 2025-10-21 23:50:52 CEST.
Flavor | Version | Tinstall | Tcheck | Ttotal | Status | Flags |
---|---|---|---|---|---|---|
r-devel-linux-x86_64-debian-clang | 0.1.1 | 14.93 | 41.37 | 56.30 | NOTE | |
r-devel-linux-x86_64-debian-gcc | 0.1.1 | 12.03 | 31.50 | 43.53 | NOTE | |
r-devel-linux-x86_64-fedora-clang | 0.1.1 | 57.00 | 34.17 | 91.17 | OK | |
r-devel-linux-x86_64-fedora-gcc | 0.1.1 | 26.00 | 93.77 | 119.77 | OK | |
r-devel-windows-x86_64 | 0.1.1 | 17.00 | 80.00 | 97.00 | OK | |
r-patched-linux-x86_64 | 0.1.1 | 14.44 | 37.69 | 52.13 | OK | |
r-release-linux-x86_64 | 0.1.1 | 16.39 | 37.70 | 54.09 | OK | |
r-release-macos-arm64 | 0.1.1 | 9.00 | 83.00 | 92.00 | OK | |
r-release-macos-x86_64 | 0.1.1 | 14.00 | 81.00 | 95.00 | OK | |
r-release-windows-x86_64 | 0.1.1 | 17.00 | 77.00 | 94.00 | OK | |
r-oldrel-macos-arm64 | 0.1.1 | 7.00 | 31.00 | 38.00 | OK | |
r-oldrel-macos-x86_64 | 0.1.1 | 11.00 | 62.00 | 73.00 | OK | |
r-oldrel-windows-x86_64 | 0.1.1 | 20.00 | 98.00 | 118.00 | OK |
Version: 0.1.1
Check: HTML version of manual
Result: NOTE
Found the following HTML validation problems:
print.dpseg.html:53:1 (print.dpseg.Rd:12): Warning: missing </ul> before </div>
Flavors: r-devel-linux-x86_64-debian-clang, r-devel-linux-x86_64-debian-gcc