Last updated on 2025-10-21 17:49:46 CEST.
Flavor | Version | Tinstall | Tcheck | Ttotal | Status | Flags |
---|---|---|---|---|---|---|
r-devel-linux-x86_64-debian-clang | 0.2.6 | 112.69 | 27.08 | 139.77 | OK | |
r-devel-linux-x86_64-debian-gcc | 0.2.6 | 76.95 | 22.15 | 99.10 | OK | |
r-devel-linux-x86_64-fedora-clang | 0.2.6 | 369.00 | -57.31 | 311.69 | OK | |
r-devel-linux-x86_64-fedora-gcc | 0.2.6 | 260.00 | -4.97 | 255.03 | OK | |
r-devel-windows-x86_64 | 0.2.6 | 132.00 | 67.00 | 199.00 | OK | |
r-patched-linux-x86_64 | 0.2.6 | 111.62 | 24.74 | 136.36 | OK | |
r-release-linux-x86_64 | 0.2.6 | 109.26 | 24.89 | 134.15 | OK | |
r-release-macos-arm64 | 0.2.6 | 51.00 | 25.00 | 76.00 | OK | |
r-release-macos-x86_64 | 0.2.6 | 36.00 | 30.00 | 66.00 | OK | |
r-release-windows-x86_64 | 0.2.6 | 133.00 | 67.00 | 200.00 | OK | |
r-oldrel-macos-arm64 | 0.2.6 | 41.00 | 17.00 | 58.00 | NOTE | |
r-oldrel-macos-x86_64 | 0.2.6 | 32.00 | 24.00 | 56.00 | NOTE | |
r-oldrel-windows-x86_64 | 0.2.6 | 136.00 | 84.00 | 220.00 | OK |
Version: 0.2.6
Check: installed package size
Result: NOTE
installed size is 12.4Mb
sub-directories of 1Mb or more:
libs 12.2Mb
Flavors: r-oldrel-macos-arm64, r-oldrel-macos-x86_64