Last updated on 2025-10-21 17:49:46 CEST.
Flavor | Version | Tinstall | Tcheck | Ttotal | Status | Flags |
---|---|---|---|---|---|---|
r-devel-linux-x86_64-debian-clang | 7.13.11 | 17.10 | 127.11 | 144.21 | NOTE | |
r-devel-linux-x86_64-debian-gcc | 7.13.11 | 9.86 | 82.80 | 92.66 | NOTE | |
r-devel-linux-x86_64-fedora-clang | 7.13.11 | 65.00 | 155.15 | 220.15 | OK | |
r-devel-linux-x86_64-fedora-gcc | 7.13.11 | 35.00 | 165.07 | 200.07 | OK | |
r-devel-windows-x86_64 | 7.13.11 | 21.00 | 159.00 | 180.00 | OK | |
r-patched-linux-x86_64 | 7.13.11 | 22.24 | 116.21 | 138.45 | OK | |
r-release-linux-x86_64 | 7.13.11 | 15.93 | 117.00 | 132.93 | OK | |
r-release-macos-arm64 | 7.13.11 | 8.00 | 50.00 | 58.00 | OK | |
r-release-macos-x86_64 | 7.13.11 | 16.00 | 97.00 | 113.00 | OK | |
r-release-windows-x86_64 | 7.13.11 | 22.00 | 159.00 | 181.00 | OK | |
r-oldrel-macos-arm64 | 7.13.11 | 8.00 | 47.00 | 55.00 | OK | |
r-oldrel-macos-x86_64 | 7.13.11 | 14.00 | 92.00 | 106.00 | OK | |
r-oldrel-windows-x86_64 | 7.13.11 | 27.00 | 197.00 | 224.00 | OK |
Version: 7.13.11
Check: HTML version of manual
Result: NOTE
Found the following HTML validation problems:
analyses.html:46:1 (analyses.Rd:10): Warning: missing </ul> before </div>
as_drake_filename.html:46:1 (as_drake_filename.Rd:10): Warning: missing </ul> before </div>
as_file.html:46:1 (as_file.Rd:10): Warning: missing </ul> before </div>
backend.html:46:1 (backend.Rd:10): Warning: missing </ul> before </div>
build_graph.html:46:1 (build_graph.Rd:10): Warning: missing </ul> before </div>
check.html:46:1 (check.Rd:10): Warning: missing </ul> before </div>
cmq_build.html:67:1 (cmq_build.Rd:21): Warning: missing </ul> before </div>
config.html:46:1 (config.Rd:10): Warning: missing </ul> before </div>
dataframes_graph.html:46:1 (dataframes_graph.Rd:10): Warning: missing </ul> before </div>
default_system2_args.html:46:1 (default_system2_args.Rd:10): Warning: missing </ul> before </div>
deprecate_wildcard.html:46:1 (deprecate_wildcard.Rd:10): Warning: missing </ul> before </div>
deps.html:46:1 (deps.Rd:10): Warning: missing </ul> before </div>
deps_profile_impl.html:55:1 (deps_profile_impl.Rd:15): Warning: missing </ul> before </div>
deps_target_impl.html:55:1 (deps_target_impl.Rd:15): Warning: missing </ul> before </div>
doc_of_function_call.html:46:1 (doc_of_function_call.Rd:10): Warning: missing </ul> before </div>
drake_build_impl.html:52:1 (drake_build_impl.Rd:16): Warning: missing </ul> before </div>
drake_ggraph_impl.html:69:1 (drake_ggraph_impl.Rd:31): Warning: missing </ul> before </div>
drake_graph_info_impl.html:64:1 (drake_graph_info_impl.Rd:28): Warning: missing </ul> before </div>
drake_triggers.html:123:1 (drake_triggers.Rd:66): Warning: missing </ul> before </div>
evaluate.html:46:1 (evaluate.Rd:10): Warning: missing </ul> before </div>
example_drake.html:46:1 (example_drake.Rd:10): Warning: missing </ul> before </div>
examples_drake.html:46:1 (examples_drake.Rd:10): Warning: missing </ul> before </div>
expand.html:46:1 (expand.Rd:10): Warning: missing </ul> before </div>
find_knitr_doc.html:46:1 (find_knitr_doc.Rd:10): Warning: missing </ul> before </div>
gather.html:46:1 (gather.Rd:10): Warning: missing </ul> before </div>
is_function_call.html:46:1 (is_function_call.Rd:10): Warning: missing </ul> before </div>
load_basic_example.html:46:1 (load_basic_example.Rd:10): Warning: missing </ul> before </div>
make_impl.html:46:1 (make_impl.Rd:10): Warning: missing </ul> before </div>
max_useful_jobs.html:46:1 (max_useful_jobs.Rd:10): Warning: missing </ul> before </div>
migrate_drake_project.html:46:1 (migrate_drake_project.Rd:10): Warning: missing </ul> before </div>
missed_impl.html:46:1 (missed_impl.Rd:10): Warning: missing </ul> before </div>
outdated_impl.html:56:1 (outdated_impl.Rd:16): Warning: missing </ul> before </div>
parallel_stages.html:46:1 (parallel_stages.Rd:10): Warning: missing </ul> before </div>
plan.html:46:1 (plan.Rd:10): Warning: missing </ul> before </div>
plan_drake.html:46:1 (plan_drake.Rd:10): Warning: missing </ul> before </div>
plot_graph.html:46:1 (plot_graph.Rd:10): Warning: missing </ul> before </div>
predict_runtime_impl.html:55:1 (predict_runtime_impl.Rd:19): Warning: missing </ul> before </div>
predict_workers_impl.html:55:1 (predict_workers_impl.Rd:19): Warning: missing </ul> before </div>
process_import.html:51:1 (process_import.Rd:13): Warning: missing </ul> before </div>
rate_limiting_times.html:46:1 (rate_limiting_times.Rd:10): Warning: missing </ul> before </div>
read_config.html:46:1 (read_config.Rd:10): Warning: missing </ul> before </div>
read_drake_meta.html:46:1 (read_drake_meta.Rd:10): Warning: missing </ul> before </div>
read_graph.html:46:1 (read_graph.Rd:10): Warning: missing </ul> before </div>
read_plan.html:46:1 (read_plan.Rd:10): Warning: missing </ul> before </div>
recoverable_impl.html:56:1 (recoverable_impl.Rd:16): Warning: missing </ul> before </div>
render_graph.html:46:1 (render_graph.Rd:10): Warning: missing </ul> before </div>
sankey_drake_graph_impl.html:62:1 (sankey_drake_graph_impl.Rd:26): Warning: missing </ul> before </div>
session.html:46:1 (session.Rd:10): Warning: missing </ul> before </div>
summaries.html:46:1 (summaries.Rd:10): Warning: missing </ul> before </div>
text_drake_graph_impl.html:65:1 (text_drake_graph_impl.Rd:27): Warning: missing </ul> before </div>
type_sum.expr_list.html:49:1 (type_sum.expr_list.Rd:11): Warning: missing </ul> before </div>
vis_drake_graph_impl.html:74:1 (vis_drake_graph_impl.Rd:38): Warning: missing </ul> before </div>
walk_code.html:59:1 (walk_code.Rd:17): Warning: missing </ul> before </div>
workflow.html:46:1 (workflow.Rd:10): Warning: missing </ul> before </div>
workplan.html:46:1 (workplan.Rd:10): Warning: missing </ul> before </div>
Flavors: r-devel-linux-x86_64-debian-clang, r-devel-linux-x86_64-debian-gcc