Last updated on 2025-10-21 23:50:52 CEST.
Flavor | Version | Tinstall | Tcheck | Ttotal | Status | Flags |
---|---|---|---|---|---|---|
r-devel-linux-x86_64-debian-clang | 1.0.3 | 12.15 | 234.00 | 246.15 | NOTE | |
r-devel-linux-x86_64-debian-gcc | 1.0.3 | 8.59 | 164.42 | 173.01 | NOTE | |
r-devel-linux-x86_64-fedora-clang | 1.0.3 | 36.00 | 352.32 | 388.32 | OK | |
r-devel-linux-x86_64-fedora-gcc | 1.0.3 | 26.00 | 381.10 | 407.10 | OK | |
r-devel-windows-x86_64 | 1.0.3 | 14.00 | 254.00 | 268.00 | OK | |
r-patched-linux-x86_64 | 1.0.3 | 10.18 | 225.15 | 235.33 | OK | |
r-release-linux-x86_64 | 1.0.3 | 11.83 | 224.70 | 236.53 | OK | |
r-release-macos-arm64 | 1.0.3 | 6.00 | 111.00 | 117.00 | OK | |
r-release-macos-x86_64 | 1.0.3 | 11.00 | 255.00 | 266.00 | OK | |
r-release-windows-x86_64 | 1.0.3 | 15.00 | 252.00 | 267.00 | OK | |
r-oldrel-macos-arm64 | 1.0.3 | 5.00 | 114.00 | 119.00 | OK | |
r-oldrel-macos-x86_64 | 1.0.3 | 10.00 | 239.00 | 249.00 | OK | |
r-oldrel-windows-x86_64 | 1.0.3 | 20.00 | 324.00 | 344.00 | OK |
Version: 1.0.3
Check: HTML version of manual
Result: NOTE
Found the following HTML validation problems:
plot.Coverage.Grid-methods.html:56:1 (plot.Coverage.Grid-methods.Rd:15): Warning: missing </ul> before </div>
plot.Survey.Design-methods.html:70:1 (plot.Survey.Design-methods.Rd:21): Warning: missing </ul> before </div>
plot.Transect-methods.html:60:1 (plot.Transect-methods.Rd:19): Warning: missing </ul> before </div>
show.Survey.Design-methods.html:47:1 (show.Survey.Design-methods.Rd:10): Warning: missing </ul> before </div>
show.Transect-methods.html:52:1 (show.Transect-methods.Rd:13): Warning: missing </ul> before </div>
Flavors: r-devel-linux-x86_64-debian-clang, r-devel-linux-x86_64-debian-gcc