Last updated on 2025-10-22 11:51:06 CEST.
Flavor | Version | Tinstall | Tcheck | Ttotal | Status | Flags |
---|---|---|---|---|---|---|
r-devel-linux-x86_64-debian-clang | 0.0.2 | 3.24 | 63.34 | 66.58 | OK | |
r-devel-linux-x86_64-debian-gcc | 0.0.2 | 2.19 | 44.05 | 46.24 | OK | |
r-devel-linux-x86_64-fedora-clang | 0.0.2 | 94.81 | OK | |||
r-devel-linux-x86_64-fedora-gcc | 0.0.2 | 83.53 | OK | |||
r-devel-windows-x86_64 | 0.0.2 | 5.00 | 77.00 | 82.00 | OK | |
r-patched-linux-x86_64 | 0.0.2 | 4.31 | 52.68 | 56.99 | OK | |
r-release-linux-x86_64 | 0.0.2 | 3.46 | 51.74 | 55.20 | OK | |
r-release-macos-arm64 | 0.0.2 | 2.00 | 27.00 | 29.00 | OK | |
r-release-macos-x86_64 | 0.0.2 | 3.00 | 49.00 | 52.00 | OK | |
r-release-windows-x86_64 | 0.0.2 | 5.00 | 80.00 | 85.00 | OK | |
r-oldrel-macos-arm64 | 0.0.2 | 2.00 | 32.00 | 34.00 | NOTE | |
r-oldrel-macos-x86_64 | 0.0.2 | 6.00 | 56.00 | 62.00 | NOTE | |
r-oldrel-windows-x86_64 | 0.0.2 | 6.00 | 97.00 | 103.00 | NOTE |
Version: 0.0.2
Check: package dependencies
Result: NOTE
Package suggested but not available for checking: ‘dtlg.data’
Flavors: r-oldrel-macos-arm64, r-oldrel-macos-x86_64, r-oldrel-windows-x86_64