Last updated on 2025-10-22 23:49:54 CEST.
Flavor | Version | Tinstall | Tcheck | Ttotal | Status | Flags |
---|---|---|---|---|---|---|
r-devel-linux-x86_64-debian-clang | 1.4.1 | 4062.50 | 105.53 | 4168.03 | NOTE | |
r-devel-linux-x86_64-debian-gcc | 1.4.1 | 3203.72 | 81.38 | 3285.10 | WARN | |
r-devel-linux-x86_64-fedora-clang | 1.4.1 | 1200.00 | 5574.73 | 6774.73 | OK | |
r-devel-linux-x86_64-fedora-gcc | 1.4.1 | 3660.00 | 5027.90 | 8687.90 | OK | |
r-devel-windows-x86_64 | 1.4.1 | 2849.00 | 441.00 | 3290.00 | OK | |
r-patched-linux-x86_64 | 1.4.1 | 4461.35 | 96.24 | 4557.59 | OK | |
r-release-linux-x86_64 | 1.4.1 | 4431.98 | 98.09 | 4530.07 | OK | |
r-release-macos-arm64 | 1.4.1 | 1560.00 | 39.00 | 1599.00 | OK | |
r-release-macos-x86_64 | 1.4.1 | 1200.00 | 74.00 | 1274.00 | OK | |
r-release-windows-x86_64 | 1.4.1 | 2717.00 | 402.00 | 3119.00 | OK | |
r-oldrel-macos-arm64 | 1.4.1 | 1620.00 | 80.00 | 1700.00 | NOTE | |
r-oldrel-macos-x86_64 | 1.4.1 | 1140.00 | 148.00 | 1288.00 | NOTE | |
r-oldrel-windows-x86_64 | 1.4.1 | 3073.00 | 583.00 | 3656.00 | NOTE |
Version: 1.4.1
Check: HTML version of manual
Result: NOTE
Found the following HTML validation problems:
duckdb_connection-class.html:176:1 (duckdb_connection-class.Rd:138): Warning: missing </ul> before </div>
duckdb_driver-class.html:64:1 (duckdb_driver-class.Rd:32): Warning: missing </ul> before </div>
duckdb_result-class.html:112:1 (duckdb_result-class.Rd:83): Warning: missing </ul> before </div>
Flavor: r-devel-linux-x86_64-debian-clang
Version: 1.4.1
Check: whether package can be installed
Result: WARN
Found the following significant warnings:
/usr/include/c++/15/bits/move.h:235:11: warning: ‘((std::remove_reference<long unsigned int&>::type*)this)[2]’ is used uninitialized [-Wuninitialized]
/usr/include/c++/15/bits/move.h:235:11: warning: ‘((std::remove_reference<long int&>::type*)this)[2]’ is used uninitialized [-Wuninitialized]
See ‘/home/hornik/tmp/R.check/r-devel-gcc/Work/PKGS/duckdb.Rcheck/00install.out’ for details.
* used C++ compiler: ‘g++-15 (Debian 15.2.0-4) 15.2.0’
Flavor: r-devel-linux-x86_64-debian-gcc
Version: 1.4.1
Check: installed package size
Result: NOTE
installed size is 54.6Mb
sub-directories of 1Mb or more:
libs 53.8Mb
Flavors: r-oldrel-macos-arm64, r-oldrel-macos-x86_64, r-oldrel-windows-x86_64