Last updated on 2025-10-24 05:50:37 CEST.
| Flavor | Version | Tinstall | Tcheck | Ttotal | Status | Flags |
|---|---|---|---|---|---|---|
| r-devel-linux-x86_64-debian-clang | 0.3.0 | 2.43 | 47.66 | 50.09 | NOTE | |
| r-devel-linux-x86_64-debian-gcc | 0.3.0 | 2.29 | 40.15 | 42.44 | NOTE | |
| r-devel-linux-x86_64-fedora-clang | 0.3.0 | 76.88 | OK | |||
| r-devel-linux-x86_64-fedora-gcc | 0.3.0 | 86.56 | OK | |||
| r-devel-windows-x86_64 | 0.3.0 | 4.00 | 56.00 | 60.00 | OK | |
| r-patched-linux-x86_64 | 0.3.0 | 2.28 | 44.74 | 47.02 | OK | |
| r-release-linux-x86_64 | 0.3.0 | 2.35 | 45.04 | 47.39 | OK | |
| r-release-macos-arm64 | 0.3.0 | 1.00 | 36.00 | 37.00 | OK | |
| r-release-macos-x86_64 | 0.3.0 | 2.00 | 50.00 | 52.00 | OK | |
| r-release-windows-x86_64 | 0.3.0 | 6.00 | 57.00 | 63.00 | OK | |
| r-oldrel-macos-arm64 | 0.3.0 | 1.00 | 31.00 | 32.00 | OK | |
| r-oldrel-macos-x86_64 | 0.3.0 | 2.00 | 41.00 | 43.00 | OK | |
| r-oldrel-windows-x86_64 | 0.3.0 | 6.00 | 68.00 | 74.00 | OK |
Version: 0.3.0
Check: CRAN incoming feasibility
Result: NOTE
Maintainer: ‘Juan Julián Merelo-Guervós <jjmerelo@gmail.com>’
No Authors@R field in DESCRIPTION.
Please add one, modifying
Authors@R: person(given = c("Juan", "Julián"),
family = "Merelo-Guervós",
role = c("aut", "cre"),
email = "jjmerelo@gmail.com")
as necessary.
Flavors: r-devel-linux-x86_64-debian-clang, r-devel-linux-x86_64-debian-gcc