CRAN Package Check Results for Package dwlm

Last updated on 2025-10-21 17:49:46 CEST.

Flavor Version Tinstall Tcheck Ttotal Status Flags
r-devel-linux-x86_64-debian-clang 0.1.0 2.23 20.95 23.18 NOTE
r-devel-linux-x86_64-debian-gcc 0.1.0 1.75 16.73 18.48 NOTE
r-devel-linux-x86_64-fedora-clang 0.1.0 34.82 OK
r-devel-linux-x86_64-fedora-gcc 0.1.0 32.53 OK
r-devel-windows-x86_64 0.1.0 3.00 38.00 41.00 OK
r-patched-linux-x86_64 0.1.0 2.06 19.62 21.68 OK
r-release-linux-x86_64 0.1.0 2.23 19.53 21.76 OK
r-release-macos-arm64 0.1.0 1.00 15.00 16.00 OK
r-release-macos-x86_64 0.1.0 2.00 22.00 24.00 OK
r-release-windows-x86_64 0.1.0 4.00 41.00 45.00 OK
r-oldrel-macos-arm64 0.1.0 1.00 13.00 14.00 OK
r-oldrel-macos-x86_64 0.1.0 2.00 18.00 20.00 OK
r-oldrel-windows-x86_64 0.1.0 3.00 38.00 41.00 OK

Check Details

Version: 0.1.0
Check: CRAN incoming feasibility
Result: NOTE Maintainer: ‘Hugo Gasca-Aragon <hugo_gasca_aragon@hotmail.com>’ No Authors@R field in DESCRIPTION. Please add one, modifying Authors@R: person(given = "Hugo", family = "Gasca-Aragon", role = c("aut", "cre"), email = "hugo_gasca_aragon@hotmail.com") as necessary. Found the following URLs which should use \doi (with the DOI name only): File ‘dwlm.Rd’: https://doi.org/10.1119/1.15963 https://doi.org/10.1119/1.17044 https://doi.org/10.1039/AN9871200377 Flavors: r-devel-linux-x86_64-debian-clang, r-devel-linux-x86_64-debian-gcc