Last updated on 2025-10-24 05:50:37 CEST.
| Flavor | Version | Tinstall | Tcheck | Ttotal | Status | Flags |
|---|---|---|---|---|---|---|
| r-devel-linux-x86_64-debian-clang | 1.63-1 | 2.71 | 24.22 | 26.93 | NOTE | |
| r-devel-linux-x86_64-debian-gcc | 1.63-1 | 1.98 | 18.79 | 20.77 | NOTE | |
| r-devel-linux-x86_64-fedora-clang | 1.63-1 | 12.00 | 29.12 | 41.12 | OK | |
| r-devel-linux-x86_64-fedora-gcc | 1.63-1 | 37.83 | OK | |||
| r-devel-windows-x86_64 | 1.63-1 | 4.00 | 41.00 | 45.00 | OK | |
| r-patched-linux-x86_64 | 1.63-1 | 2.88 | 22.52 | 25.40 | OK | |
| r-release-linux-x86_64 | 1.63-1 | 2.78 | 22.56 | 25.34 | OK | |
| r-release-macos-arm64 | 1.63-1 | 2.00 | 17.00 | 19.00 | OK | |
| r-release-macos-x86_64 | 1.63-1 | 4.00 | 34.00 | 38.00 | OK | |
| r-release-windows-x86_64 | 1.63-1 | 5.00 | 44.00 | 49.00 | OK | |
| r-oldrel-macos-arm64 | 1.63-1 | 1.00 | 19.00 | 20.00 | OK | |
| r-oldrel-macos-x86_64 | 1.63-1 | 4.00 | 25.00 | 29.00 | OK | |
| r-oldrel-windows-x86_64 | 1.63-1 | 4.00 | 42.00 | 46.00 | OK |
Version: 1.63-1
Check: CRAN incoming feasibility
Result: NOTE
Maintainer: ‘Peter Langfelder <Peter.Langfelder@gmail.com>’
No Authors@R field in DESCRIPTION.
Please add one, modifying
Authors@R: c(person(given = "Peter",
family = "Langfelder",
role = c("aut", "cre"),
email = "Peter.Langfelder@gmail.com"),
person(given = "Bin",
family = "Zhang",
role = "aut",
email = "binzhang.ucla@gmail.com"),
person(given = c("with", "contributions", "from", "Steve"),
family = "Horvath",
role = "aut",
email = "SHorvath@mednet.ucla.edu"))
as necessary.
Flavors: r-devel-linux-x86_64-debian-clang, r-devel-linux-x86_64-debian-gcc