Last updated on 2025-10-22 11:51:06 CEST.
Flavor | Version | Tinstall | Tcheck | Ttotal | Status | Flags |
---|---|---|---|---|---|---|
r-devel-linux-x86_64-debian-clang | 1.5.6 | 49.88 | 296.04 | 345.92 | NOTE | |
r-devel-linux-x86_64-debian-gcc | 1.5.6 | 31.37 | 202.52 | 233.89 | NOTE | |
r-devel-linux-x86_64-fedora-clang | 1.5.6 | 113.00 | 442.46 | 555.46 | OK | |
r-devel-linux-x86_64-fedora-gcc | 1.5.6 | 88.00 | 427.01 | 515.01 | OK | |
r-devel-windows-x86_64 | 1.5.6 | 49.00 | 281.00 | 330.00 | OK | |
r-patched-linux-x86_64 | 1.5.6 | 46.93 | 283.25 | 330.18 | OK | |
r-release-linux-x86_64 | 1.5.6 | 46.93 | 284.57 | 331.50 | OK | |
r-release-macos-arm64 | 1.5.6 | 28.00 | 75.00 | 103.00 | OK | |
r-release-macos-x86_64 | 1.5.6 | 70.00 | 146.00 | 216.00 | OK | |
r-release-windows-x86_64 | 1.5.6 | 57.00 | 282.00 | 339.00 | OK | |
r-oldrel-macos-arm64 | 1.5.6 | 28.00 | 95.00 | 123.00 | NOTE | |
r-oldrel-macos-x86_64 | 1.5.6 | 56.00 | 212.00 | 268.00 | NOTE | |
r-oldrel-windows-x86_64 | 1.5.6 | 66.00 | 377.00 | 443.00 | NOTE |
Version: 1.5.6
Check: HTML version of manual
Result: NOTE
Found the following HTML validation problems:
get_algorithm.html:56:1 (get_algorithm.Rd:20): Warning: missing </ul> before </div>
get_diagnostics.html:56:1 (get_diagnostics.Rd:20): Warning: missing </ul> before </div>
get_draws.html:60:1 (get_draws.Rd:22): Warning: missing </ul> before </div>
get_elapsed_time.html:56:1 (get_elapsed_time.Rd:20): Warning: missing </ul> before </div>
get_max_treedepth.html:56:1 (get_max_treedepth.Rd:20): Warning: missing </ul> before </div>
get_model_code.html:56:1 (get_model_code.Rd:20): Warning: missing </ul> before </div>
get_nchains.html:56:1 (get_nchains.Rd:20): Warning: missing </ul> before </div>
get_ndraws.html:56:1 (get_ndraws.Rd:20): Warning: missing </ul> before </div>
get_pars_oi.html:56:1 (get_pars_oi.Rd:20): Warning: missing </ul> before </div>
mice.impute.lag.html:79:1 (mice.impute.lag.Rd:29): Warning: missing </ul> before </div>
mice.impute.lead.html:79:1 (mice.impute.lead.Rd:29): Warning: missing </ul> before </div>
Flavors: r-devel-linux-x86_64-debian-clang, r-devel-linux-x86_64-debian-gcc
Version: 1.5.6
Check: package dependencies
Result: NOTE
Package suggested but not available for checking: ‘cmdstanr’
Flavors: r-oldrel-macos-arm64, r-oldrel-macos-x86_64, r-oldrel-windows-x86_64
Version: 1.5.6
Check: installed package size
Result: NOTE
installed size is 13.0Mb
sub-directories of 1Mb or more:
R 3.6Mb
data 8.0Mb
Flavors: r-oldrel-macos-arm64, r-oldrel-macos-x86_64, r-oldrel-windows-x86_64