Last updated on 2025-10-21 11:53:22 CEST.
Flavor | Version | Tinstall | Tcheck | Ttotal | Status | Flags |
---|---|---|---|---|---|---|
r-devel-linux-x86_64-debian-clang | 0.2.3 | 26.26 | 67.88 | 94.14 | NOTE | |
r-devel-linux-x86_64-debian-gcc | 0.2.3 | 17.76 | 54.09 | 71.85 | NOTE | |
r-devel-linux-x86_64-fedora-clang | 0.2.3 | 166.13 | NOTE | |||
r-devel-linux-x86_64-fedora-gcc | 0.2.3 | 53.00 | 117.40 | 170.40 | NOTE | |
r-devel-windows-x86_64 | 0.2.3 | 30.00 | 114.00 | 144.00 | NOTE | |
r-patched-linux-x86_64 | 0.2.3 | 25.60 | 66.00 | 91.60 | NOTE | |
r-release-linux-x86_64 | 0.2.3 | 24.70 | 65.59 | 90.29 | NOTE | |
r-release-macos-arm64 | 0.2.3 | 81.00 | NOTE | |||
r-release-macos-x86_64 | 0.2.3 | 11.00 | 86.00 | 97.00 | NOTE | |
r-release-windows-x86_64 | 0.2.3 | 29.00 | 110.00 | 139.00 | NOTE | |
r-oldrel-macos-arm64 | 0.2.3 | 58.00 | NOTE | |||
r-oldrel-macos-x86_64 | 0.2.3 | 78.00 | NOTE | |||
r-oldrel-windows-x86_64 | 0.2.3 | 36.00 | 137.00 | 173.00 | NOTE |
Version: 0.2.3
Check: C++ specification
Result: NOTE
Specified C++11: please drop specification unless essential
Flavors: r-devel-linux-x86_64-debian-clang, r-devel-linux-x86_64-debian-gcc, r-devel-linux-x86_64-fedora-clang, r-devel-linux-x86_64-fedora-gcc, r-devel-windows-x86_64, r-patched-linux-x86_64, r-release-linux-x86_64, r-release-macos-arm64, r-release-macos-x86_64, r-release-windows-x86_64, r-oldrel-macos-arm64, r-oldrel-macos-x86_64, r-oldrel-windows-x86_64
Version: 0.2.3
Check: HTML version of manual
Result: NOTE
Found the following HTML validation problems:
dynatop.html:153:1 (dynatop.Rd:78): Warning: <h5> anchor "Usage" already defined
dynatop.html:159:1 (dynatop.Rd:82): Warning: <h5> anchor "Arguments" already defined
dynatop.html:172:1 (dynatop.Rd:89): Warning: <h5> anchor "Details" already defined
dynatop.html:179:1 (dynatop.Rd:93): Warning: <h5> anchor "Returns" already defined
dynatop.html:196:1 (dynatop.Rd:102): Warning: <h5> anchor "Usage" already defined
dynatop.html:202:1 (dynatop.Rd:106): Warning: <h5> anchor "Returns" already defined
dynatop.html:219:1 (dynatop.Rd:115): Warning: <h5> anchor "Usage" already defined
dynatop.html:225:1 (dynatop.Rd:119): Warning: <h5> anchor "Arguments" already defined
dynatop.html:240:1 (dynatop.Rd:128): Warning: <h5> anchor "Returns" already defined
dynatop.html:257:1 (dynatop.Rd:137): Warning: <h5> anchor "Usage" already defined
dynatop.html:263:1 (dynatop.Rd:141): Warning: <h5> anchor "Returns" already defined
dynatop.html:280:1 (dynatop.Rd:150): Warning: <h5> anchor "Usage" already defined
dynatop.html:292:1 (dynatop.Rd:160): Warning: <h5> anchor "Arguments" already defined
dynatop.html:313:1 (dynatop.Rd:175): Warning: <h5> anchor "Details" already defined
dynatop.html:321:1 (dynatop.Rd:180): Warning: <h5> anchor "Returns" already defined
dynatop.html:338:1 (dynatop.Rd:189): Warning: <h5> anchor "Usage" already defined
dynatop.html:344:1 (dynatop.Rd:193): Warning: <h5> anchor "Returns" already defined
dynatop.html:361:1 (dynatop.Rd:202): Warning: <h5> anchor "Usage" already defined
dynatop.html:373:1 (dynatop.Rd:212): Warning: <h5> anchor "Arguments" already defined
dynatop.html:396:1 (dynatop.Rd:229): Warning: <h5> anchor "Details" already defined
dynatop.html:403:1 (dynatop.Rd:233): Warning: <h5> anchor "Returns" already defined
dynatop.html:420:1 (dynatop.Rd:242): Warning: <h5> anchor "Usage" already defined
dynatop.html:426:1 (dynatop.Rd:246): Warning: <h5> anchor "Arguments" already defined
dynatop.html:451:1 (dynatop.Rd:261): Warning: <h5> anchor "Usage" already defined
dynatop.html:457:1 (dynatop.Rd:265): Warning: <h5> anchor "Arguments" already defined
dynatop.html:482:1 (dynatop.Rd:280): Warning: <h5> anchor "Usage" already defined
dynatop.html:488:1 (dynatop.Rd:284): Warning: <h5> anchor "Arguments" already defined
dynatop.html:511:1 (dynatop.Rd:297): Warning: <h5> anchor "Usage" already defined
dynatop.html:517:1 (dynatop.Rd:301): Warning: <h5> anchor "Arguments" already defined
dynatop.html:540:1 (dynatop.Rd:314): Warning: <h5> anchor "Usage" already defined
dynatop.html:556:1 (dynatop.Rd:324): Warning: <h5> anchor "Usage" already defined
dynatop.html:572:1 (dynatop.Rd:334): Warning: <h5> anchor "Usage" already defined
dynatop.html:588:1 (dynatop.Rd:344): Warning: <h5> anchor "Usage" already defined
dynatop.html:594:1 (dynatop.Rd:348): Warning: <h5> anchor "Arguments" already defined
dynatop.html:617:1 (dynatop.Rd:361): Warning: <h5> anchor "Usage" already defined
dynatop.html:623:1 (dynatop.Rd:365): Warning: <h5> anchor "Arguments" already defined
dynatop.html:648:1 (dynatop.Rd:380): Warning: <h5> anchor "Usage" already defined
dynatop.html:654:1 (dynatop.Rd:384): Warning: <h5> anchor "Arguments" already defined
Flavors: r-devel-linux-x86_64-debian-clang, r-devel-linux-x86_64-debian-gcc