Last updated on 2025-10-22 11:51:06 CEST.
Flavor | Version | Tinstall | Tcheck | Ttotal | Status | Flags |
---|---|---|---|---|---|---|
r-devel-linux-x86_64-debian-clang | 1.2.4 | 16.90 | 217.06 | 233.96 | NOTE | |
r-devel-linux-x86_64-debian-gcc | 1.2.4 | 9.74 | 143.90 | 153.64 | NOTE | |
r-devel-linux-x86_64-fedora-clang | 1.2.4 | 42.00 | 323.49 | 365.49 | OK | |
r-devel-linux-x86_64-fedora-gcc | 1.2.4 | 32.00 | 315.17 | 347.17 | OK | |
r-devel-windows-x86_64 | 1.2.4 | 15.00 | 206.00 | 221.00 | OK | |
r-patched-linux-x86_64 | 1.2.4 | 14.55 | 199.35 | 213.90 | OK | |
r-release-linux-x86_64 | 1.2.4 | 13.53 | 199.54 | 213.07 | OK | |
r-release-macos-arm64 | 1.2.4 | 7.00 | 100.00 | 107.00 | OK | |
r-release-macos-x86_64 | 1.2.4 | 13.00 | 201.00 | 214.00 | OK | |
r-release-windows-x86_64 | 1.2.4 | 17.00 | 205.00 | 222.00 | OK | |
r-oldrel-macos-arm64 | 1.2.4 | 6.00 | 94.00 | 100.00 | OK | |
r-oldrel-macos-x86_64 | 1.2.4 | 10.00 | 140.00 | 150.00 | OK | |
r-oldrel-windows-x86_64 | 1.2.4 | 22.00 | 261.00 | 283.00 | OK |
Version: 1.2.4
Check: DESCRIPTION meta-information
Result: NOTE
Author field differs from that derived from Authors@R
Author: ‘Robrecht Cannoodt [aut, cre] (<https://orcid.org/0000-0003-3641-729X>, rcannood), Wouter Saelens [aut] (<https://orcid.org/0000-0002-7114-6248>, zouter)’
Authors@R: ‘Robrecht Cannoodt [aut, cre] (ORCID: <https://orcid.org/0000-0003-3641-729X>, github: rcannood), Wouter Saelens [aut] (ORCID: <https://orcid.org/0000-0002-7114-6248>, github: zouter)’
Flavors: r-devel-linux-x86_64-debian-clang, r-devel-linux-x86_64-debian-gcc
Version: 1.2.4
Check: HTML version of manual
Result: NOTE
Found the following HTML validation problems:
convert_definition.html:46:1 (convert_definition.Rd:10): Warning: missing </ul> before </div>
dot-method_process_definition.html:50:1 (dot-method_process_definition.Rd:12): Warning: missing </ul> before </div>
get_default_parameters.html:46:1 (get_default_parameters.Rd:10): Warning: missing </ul> before </div>
group_from_trajectory.html:52:1 (group_from_trajectory.Rd:16): Warning: missing </ul> before </div>
Flavors: r-devel-linux-x86_64-debian-clang, r-devel-linux-x86_64-debian-gcc