Last updated on 2025-10-23 05:51:52 CEST.
| Flavor | Version | Tinstall | Tcheck | Ttotal | Status | Flags |
|---|---|---|---|---|---|---|
| r-devel-linux-x86_64-debian-clang | 0.3.3 | 455.14 | 149.26 | 604.40 | OK | |
| r-devel-linux-x86_64-debian-gcc | 0.3.3 | 392.05 | 142.59 | 534.64 | OK | |
| r-devel-linux-x86_64-fedora-clang | 0.3.3 | 1680.00 | -698.43 | 981.57 | OK | |
| r-devel-linux-x86_64-fedora-gcc | 0.3.3 | 1320.00 | -59.67 | 1260.33 | OK | |
| r-devel-windows-x86_64 | 0.3.3 | 510.00 | 199.00 | 709.00 | OK | |
| r-patched-linux-x86_64 | 0.3.3 | 554.31 | 187.54 | 741.85 | OK | |
| r-release-linux-x86_64 | 0.3.3 | 559.81 | 188.10 | 747.91 | OK | |
| r-release-macos-arm64 | 0.3.3 | 174.00 | 34.00 | 208.00 | OK | |
| r-release-macos-x86_64 | 0.3.3 | 179.00 | 81.00 | 260.00 | OK | |
| r-release-windows-x86_64 | 0.3.3 | 518.00 | 200.00 | 718.00 | OK | |
| r-oldrel-macos-arm64 | 0.3.3 | 191.00 | 52.00 | 243.00 | NOTE | |
| r-oldrel-macos-x86_64 | 0.3.3 | 168.00 | 81.00 | 249.00 | NOTE | |
| r-oldrel-windows-x86_64 | 0.3.3 | 583.00 | 237.00 | 820.00 | NOTE |
Version: 0.3.3
Check: installed package size
Result: NOTE
installed size is 95.4Mb
sub-directories of 1Mb or more:
help 2.7Mb
libs 92.3Mb
Flavors: r-oldrel-macos-arm64, r-oldrel-macos-x86_64, r-oldrel-windows-x86_64
Version: 0.3.3
Check: for GNU extensions in Makefiles
Result: NOTE
GNU make is a SystemRequirements.
Flavors: r-oldrel-macos-arm64, r-oldrel-macos-x86_64, r-oldrel-windows-x86_64