Last updated on 2025-10-21 23:50:53 CEST.
Flavor | Version | Tinstall | Tcheck | Ttotal | Status | Flags |
---|---|---|---|---|---|---|
r-devel-linux-x86_64-debian-clang | 0.4.4 | 9.01 | 164.41 | 173.42 | NOTE | |
r-devel-linux-x86_64-debian-gcc | 0.4.4 | 5.32 | 111.35 | 116.67 | NOTE | |
r-devel-linux-x86_64-fedora-clang | 0.4.4 | 58.00 | 226.73 | 284.73 | OK | |
r-devel-linux-x86_64-fedora-gcc | 0.4.4 | 19.00 | 253.62 | 272.62 | OK | |
r-devel-windows-x86_64 | 0.4.4 | 12.00 | 166.00 | 178.00 | OK | |
r-patched-linux-x86_64 | 0.4.4 | 7.56 | 151.85 | 159.41 | OK | |
r-release-linux-x86_64 | 0.4.4 | 8.42 | 152.10 | 160.52 | OK | |
r-release-macos-arm64 | 0.4.4 | 5.00 | 99.00 | 104.00 | OK | |
r-release-macos-x86_64 | 0.4.4 | 7.00 | 142.00 | 149.00 | OK | |
r-release-windows-x86_64 | 0.4.4 | 12.00 | 168.00 | 180.00 | OK | |
r-oldrel-macos-arm64 | 0.4.4 | 4.00 | 71.00 | 75.00 | OK | |
r-oldrel-macos-x86_64 | 0.4.4 | 6.00 | 125.00 | 131.00 | OK | |
r-oldrel-windows-x86_64 | 0.4.4 | 15.00 | 215.00 | 230.00 | OK |
Version: 0.4.4
Check: HTML version of manual
Result: NOTE
Found the following HTML validation problems:
eSDM_GUI.html:48:1 (eSDM_GUI.Rd:11): Warning: missing </ul> before </div>
Flavors: r-devel-linux-x86_64-debian-clang, r-devel-linux-x86_64-debian-gcc