Last updated on 2025-10-24 18:49:54 CEST.
| Flavor | Version | Tinstall | Tcheck | Ttotal | Status | Flags |
|---|---|---|---|---|---|---|
| r-devel-linux-x86_64-debian-clang | 0.4.2 | 9.99 | 88.55 | 98.54 | NOTE | |
| r-devel-linux-x86_64-debian-gcc | 0.4.2 | 6.41 | 62.10 | 68.51 | NOTE | |
| r-devel-linux-x86_64-fedora-clang | 0.4.2 | 29.00 | 134.75 | 163.75 | NOTE | |
| r-devel-linux-x86_64-fedora-gcc | 0.4.2 | 21.00 | 126.98 | 147.98 | NOTE | |
| r-devel-windows-x86_64 | 0.4.2 | 11.00 | 103.00 | 114.00 | NOTE | |
| r-patched-linux-x86_64 | 0.4.2 | 10.33 | 83.34 | 93.67 | NOTE | |
| r-release-linux-x86_64 | 0.4.2 | 10.14 | 83.69 | 93.83 | NOTE | |
| r-release-macos-arm64 | 0.4.2 | 5.00 | 48.00 | 53.00 | NOTE | |
| r-release-macos-x86_64 | 0.4.2 | 8.00 | 66.00 | 74.00 | NOTE | |
| r-release-windows-x86_64 | 0.4.2 | 14.00 | 105.00 | 119.00 | NOTE | |
| r-oldrel-macos-arm64 | 0.4.2 | 4.00 | 32.00 | 36.00 | NOTE | |
| r-oldrel-macos-x86_64 | 0.4.2 | 9.00 | 59.00 | 68.00 | NOTE | |
| r-oldrel-windows-x86_64 | 0.4.2 | 16.00 | 128.00 | 144.00 | NOTE |
Version: 0.4.2
Check: Rd files
Result: NOTE
checkRd: (-1) USA_state_N.Rd:10: Lost braces in \itemize; meant \describe ?
checkRd: (-1) USA_state_N.Rd:11: Lost braces in \itemize; meant \describe ?
checkRd: (-1) confirmed.Rd:10: Lost braces in \itemize; meant \describe ?
checkRd: (-1) confirmed.Rd:11: Lost braces in \itemize; meant \describe ?
checkRd: (-1) death.Rd:10: Lost braces in \itemize; meant \describe ?
checkRd: (-1) death.Rd:11: Lost braces in \itemize; meant \describe ?
checkRd: (-1) recovered.Rd:10: Lost braces in \itemize; meant \describe ?
checkRd: (-1) recovered.Rd:11: Lost braces in \itemize; meant \describe ?
Flavors: r-devel-linux-x86_64-debian-clang, r-devel-linux-x86_64-debian-gcc, r-devel-linux-x86_64-fedora-clang, r-devel-linux-x86_64-fedora-gcc, r-devel-windows-x86_64, r-patched-linux-x86_64, r-release-linux-x86_64, r-release-macos-arm64, r-release-macos-x86_64, r-release-windows-x86_64, r-oldrel-macos-arm64, r-oldrel-macos-x86_64, r-oldrel-windows-x86_64