Last updated on 2025-10-25 06:49:39 CEST.
| Flavor | Version | Tinstall | Tcheck | Ttotal | Status | Flags |
|---|---|---|---|---|---|---|
| r-devel-linux-x86_64-debian-clang | 1.1.2 | 3.40 | 57.59 | 60.99 | OK | |
| r-devel-linux-x86_64-debian-gcc | 1.1.2 | 2.48 | 42.28 | 44.76 | OK | |
| r-devel-linux-x86_64-fedora-clang | 1.1.2 | 93.68 | OK | |||
| r-devel-linux-x86_64-fedora-gcc | 1.1.2 | 114.39 | OK | |||
| r-devel-windows-x86_64 | 1.1.2 | 5.00 | 78.00 | 83.00 | OK | |
| r-patched-linux-x86_64 | 1.1.2 | 3.53 | 52.52 | 56.05 | OK | |
| r-release-linux-x86_64 | 1.1.2 | 3.32 | 52.94 | 56.26 | OK | |
| r-release-macos-arm64 | 1.1.2 | 2.00 | 60.00 | 62.00 | OK | |
| r-release-macos-x86_64 | 1.1.2 | 3.00 | 87.00 | 90.00 | OK | |
| r-release-windows-x86_64 | 1.1.2 | 6.00 | 80.00 | 86.00 | OK | |
| r-oldrel-macos-arm64 | 1.1.2 | 2.00 | 41.00 | 43.00 | NOTE | |
| r-oldrel-macos-x86_64 | 1.1.2 | 3.00 | 63.00 | 66.00 | NOTE | |
| r-oldrel-windows-x86_64 | 1.1.2 | 6.00 | 95.00 | 101.00 | NOTE |
Version: 1.1.2
Check: package dependencies
Result: NOTE
Package which this enhances but not available for checking: ‘gurobi’
Flavors: r-oldrel-macos-arm64, r-oldrel-macos-x86_64, r-oldrel-windows-x86_64