Last updated on 2025-10-21 11:53:22 CEST.
Flavor | Version | Tinstall | Tcheck | Ttotal | Status | Flags |
---|---|---|---|---|---|---|
r-devel-linux-x86_64-debian-clang | 1.0.1 | 8.62 | 74.31 | 82.93 | NOTE | |
r-devel-linux-x86_64-debian-gcc | 1.0.1 | 6.22 | 56.89 | 63.11 | NOTE | |
r-devel-linux-x86_64-fedora-clang | 1.0.1 | 133.88 | OK | |||
r-devel-linux-x86_64-fedora-gcc | 1.0.1 | 22.00 | 102.74 | 124.74 | OK | |
r-devel-windows-x86_64 | 1.0.1 | 10.00 | 81.00 | 91.00 | OK | |
r-patched-linux-x86_64 | 1.0.1 | 9.03 | 72.68 | 81.71 | OK | |
r-release-linux-x86_64 | 1.0.1 | 8.89 | 73.24 | 82.13 | OK | |
r-release-macos-arm64 | 1.0.1 | 57.00 | OK | |||
r-release-macos-x86_64 | 1.0.1 | 8.00 | 76.00 | 84.00 | OK | |
r-release-windows-x86_64 | 1.0.1 | 10.00 | 83.00 | 93.00 | OK | |
r-oldrel-macos-arm64 | 1.0.1 | 38.00 | OK | |||
r-oldrel-macos-x86_64 | 1.0.1 | 65.00 | OK | |||
r-oldrel-windows-x86_64 | 1.0.1 | 13.00 | 105.00 | 118.00 | OK |
Version: 1.0.1
Check: CRAN incoming feasibility
Result: NOTE
Maintainer: ‘"Hsiang Hao, Chen" <kbman1101@gmail.com>’
No Authors@R field in DESCRIPTION.
Please add one, modifying
Authors@R: c(person(given = "Hsiang",
family = "Hao",
role = "aut"),
person(family = "Chen",
role = "aut"),
person(given = "\"Hsiang",
family = "Hao",
role = "cre"),
person(family = "Chen\"",
role = "cre",
email = "kbman1101@gmail.com"))
as necessary.
Flavors: r-devel-linux-x86_64-debian-clang, r-devel-linux-x86_64-debian-gcc