CRAN Package Check Results for Package ecmwfr

Last updated on 2025-10-21 23:50:52 CEST.

Flavor Version Tinstall Tcheck Ttotal Status Flags
r-devel-linux-x86_64-debian-clang 2.0.3 4.03 40.76 44.79 NOTE
r-devel-linux-x86_64-debian-gcc 2.0.3 2.78 30.71 33.49 NOTE
r-devel-linux-x86_64-fedora-clang 2.0.3 11.00 59.31 70.31 OK
r-devel-linux-x86_64-fedora-gcc 2.0.3 80.13 OK
r-devel-windows-x86_64 2.0.3 6.00 58.00 64.00 OK
r-patched-linux-x86_64 2.0.3 3.70 38.39 42.09 OK
r-release-linux-x86_64 2.0.3 3.93 38.27 42.20 OK
r-release-macos-arm64 2.0.3 2.00 43.00 45.00 OK
r-release-macos-x86_64 2.0.3 4.00 65.00 69.00 OK
r-release-windows-x86_64 2.0.3 6.00 59.00 65.00 OK
r-oldrel-macos-arm64 2.0.3 2.00 36.00 38.00 OK
r-oldrel-macos-x86_64 2.0.3 9.00 94.00 103.00 OK
r-oldrel-windows-x86_64 2.0.3 7.00 70.00 77.00 OK

Check Details

Version: 2.0.3
Check: HTML version of manual
Result: NOTE Found the following HTML validation problems: print.ecmwfr_archetype.html:53:1 (print.ecmwfr_archetype.Rd:13): Warning: missing </ul> before </div> Flavors: r-devel-linux-x86_64-debian-clang, r-devel-linux-x86_64-debian-gcc