Last updated on 2025-10-21 11:53:22 CEST.
Flavor | Version | Tinstall | Tcheck | Ttotal | Status | Flags |
---|---|---|---|---|---|---|
r-devel-linux-x86_64-debian-clang | 4.2.0 | 22.83 | 39.03 | 61.86 | NOTE | |
r-devel-linux-x86_64-debian-gcc | 4.2.0 | 16.35 | 30.56 | 46.91 | NOTE | |
r-devel-linux-x86_64-fedora-clang | 4.2.0 | 107.17 | OK | |||
r-devel-linux-x86_64-fedora-gcc | 4.2.0 | 39.00 | 74.42 | 113.42 | OK | |
r-devel-windows-x86_64 | 4.2.0 | 29.00 | 70.00 | 99.00 | OK | |
r-patched-linux-x86_64 | 4.2.0 | 23.48 | 36.76 | 60.24 | OK | |
r-release-linux-x86_64 | 4.2.0 | 23.19 | 36.63 | 59.82 | OK | |
r-release-macos-arm64 | 4.2.0 | 36.00 | OK | |||
r-release-macos-x86_64 | 4.2.0 | 12.00 | 48.00 | 60.00 | OK | |
r-release-windows-x86_64 | 4.2.0 | 30.00 | 74.00 | 104.00 | OK | |
r-oldrel-macos-arm64 | 4.2.0 | 53.00 | OK | |||
r-oldrel-macos-x86_64 | 4.2.0 | 123.00 | OK | |||
r-oldrel-windows-x86_64 | 4.2.0 | 35.00 | 87.00 | 122.00 | OK |
Version: 4.2.0
Check: HTML version of manual
Result: NOTE
Found the following HTML validation problems:
Eddington.html:135:1 (Eddington.Rd:94): Warning: <h5> anchor "Usage" already defined
Eddington.html:151:1 (Eddington.Rd:104): Warning: <h5> anchor "Usage" already defined
Eddington.html:157:1 (Eddington.Rd:108): Warning: <h5> anchor "Arguments" already defined
Eddington.html:181:1 (Eddington.Rd:122): Warning: <h5> anchor "Usage" already defined
Eddington.html:187:1 (Eddington.Rd:126): Warning: <h5> anchor "Arguments" already defined
Eddington.html:200:1 (Eddington.Rd:133): Warning: <h5> anchor "Returns" already defined
Eddington.html:218:1 (Eddington.Rd:143): Warning: <h5> anchor "Usage" already defined
Eddington.html:224:1 (Eddington.Rd:147): Warning: <h5> anchor "Arguments" already defined
Eddington.html:237:1 (Eddington.Rd:154): Warning: <h5> anchor "Returns" already defined
Flavors: r-devel-linux-x86_64-debian-clang, r-devel-linux-x86_64-debian-gcc