CRAN Package Check Results for Package eegkitdata

Last updated on 2025-10-21 17:49:46 CEST.

Flavor Version Tinstall Tcheck Ttotal Status Flags
r-devel-linux-x86_64-debian-clang 1.1 1.51 20.62 22.13 NOTE
r-devel-linux-x86_64-debian-gcc 1.1 1.35 16.60 17.95 NOTE
r-devel-linux-x86_64-fedora-clang 1.1 32.15 OK
r-devel-linux-x86_64-fedora-gcc 1.1 30.24 OK
r-devel-windows-x86_64 1.1 3.00 38.00 41.00 OK
r-patched-linux-x86_64 1.1 1.47 19.34 20.81 OK
r-release-linux-x86_64 1.1 1.37 19.60 20.97 OK
r-release-macos-arm64 1.1 1.00 13.00 14.00 OK
r-release-macos-x86_64 1.1 2.00 21.00 23.00 OK
r-release-windows-x86_64 1.1 4.00 40.00 44.00 OK
r-oldrel-macos-arm64 1.1 1.00 13.00 14.00 OK
r-oldrel-macos-x86_64 1.1 1.00 19.00 20.00 OK
r-oldrel-windows-x86_64 1.1 3.00 35.00 38.00 OK

Check Details

Version: 1.1
Check: CRAN incoming feasibility
Result: NOTE Maintainer: ‘Nathaniel E. Helwig <helwig@umn.edu>’ No Authors@R field in DESCRIPTION. Please add one, modifying Authors@R: person(given = c("Nathaniel", "E."), family = "Helwig", role = c("aut", "cre"), email = "helwig@umn.edu") as necessary. Flavors: r-devel-linux-x86_64-debian-clang, r-devel-linux-x86_64-debian-gcc