Last updated on 2025-10-24 18:49:54 CEST.
| Flavor | Version | Tinstall | Tcheck | Ttotal | Status | Flags |
|---|---|---|---|---|---|---|
| r-devel-linux-x86_64-debian-clang | 1.0.3 | 8.52 | 142.03 | 150.55 | NOTE | |
| r-devel-linux-x86_64-debian-gcc | 1.0.3 | 5.75 | 105.30 | 111.05 | NOTE | |
| r-devel-linux-x86_64-fedora-clang | 1.0.3 | 23.00 | 254.43 | 277.43 | NOTE | |
| r-devel-linux-x86_64-fedora-gcc | 1.0.3 | 18.00 | 275.89 | 293.89 | NOTE | |
| r-devel-windows-x86_64 | 1.0.3 | 14.00 | 313.00 | 327.00 | OK | |
| r-patched-linux-x86_64 | 1.0.3 | 8.44 | 158.75 | 167.19 | OK | |
| r-release-linux-x86_64 | 1.0.3 | 8.03 | 157.16 | 165.19 | OK | |
| r-release-macos-arm64 | 1.0.3 | 6.00 | 97.00 | 103.00 | OK | |
| r-release-macos-x86_64 | 1.0.3 | 11.00 | 192.00 | 203.00 | OK | |
| r-release-windows-x86_64 | 1.0.3 | 15.00 | 311.00 | 326.00 | OK | |
| r-oldrel-macos-arm64 | 1.0.3 | 5.00 | 82.00 | 87.00 | OK | |
| r-oldrel-macos-x86_64 | 1.0.3 | 6.00 | 138.00 | 144.00 | OK | |
| r-oldrel-windows-x86_64 | 1.0.3 | 17.00 | 328.00 | 345.00 | OK |
Version: 1.0.3
Check: CRAN incoming feasibility
Result: NOTE
Maintainer: ‘Miguel Porto <mpbertolo@gmail.com>’
The BugReports field in DESCRIPTION has
https://github.com/miguel-porto/eicm
which should likely be
https://github.com/miguel-porto/eicm/issues
instead.
Flavors: r-devel-linux-x86_64-debian-clang, r-devel-linux-x86_64-debian-gcc
Version: 1.0.3
Check: dependencies in R code
Result: NOTE
Namespace in Imports field not imported from: ‘snow’
All declared Imports should be used.
Flavors: r-devel-linux-x86_64-fedora-clang, r-devel-linux-x86_64-fedora-gcc