Last updated on 2025-10-21 23:50:53 CEST.
Flavor | Version | Tinstall | Tcheck | Ttotal | Status | Flags |
---|---|---|---|---|---|---|
r-devel-linux-x86_64-debian-clang | 3.0.2 | 32.96 | 50.36 | 83.32 | NOTE | |
r-devel-linux-x86_64-debian-gcc | 3.0.2 | 20.19 | 37.63 | 57.82 | NOTE | |
r-devel-linux-x86_64-fedora-clang | 3.0.2 | 91.00 | 56.39 | 147.39 | NOTE | |
r-devel-linux-x86_64-fedora-gcc | 3.0.2 | 60.00 | 88.15 | 148.15 | NOTE | |
r-devel-windows-x86_64 | 3.0.2 | 36.00 | 86.00 | 122.00 | NOTE | |
r-patched-linux-x86_64 | 3.0.2 | 30.33 | 46.89 | 77.22 | NOTE | |
r-release-linux-x86_64 | 3.0.2 | 31.56 | 47.16 | 78.72 | NOTE | |
r-release-macos-arm64 | 3.0.2 | 12.00 | 32.00 | 44.00 | NOTE | |
r-release-macos-x86_64 | 3.0.2 | 16.00 | 60.00 | 76.00 | NOTE | |
r-release-windows-x86_64 | 3.0.2 | 40.00 | 87.00 | 127.00 | NOTE | |
r-oldrel-macos-arm64 | 3.0.2 | 15.00 | 30.00 | 45.00 | NOTE | |
r-oldrel-macos-x86_64 | 3.0.2 | 14.00 | 45.00 | 59.00 | NOTE | |
r-oldrel-windows-x86_64 | 3.0.2 | 47.00 | 97.00 | 144.00 | NOTE |
Version: 3.0.2
Check: Rd files
Result: NOTE
checkRd: (-1) elo.run.Rd:80: Lost braces
80 | \code{\link{score}}, \link{elo.run.helpers}{elo.run helpers}, \code{\link{elo.calc}},
| ^
Flavors: r-devel-linux-x86_64-debian-clang, r-devel-linux-x86_64-debian-gcc, r-devel-linux-x86_64-fedora-clang, r-devel-linux-x86_64-fedora-gcc, r-devel-windows-x86_64, r-patched-linux-x86_64, r-release-linux-x86_64, r-release-macos-arm64, r-release-macos-x86_64, r-release-windows-x86_64, r-oldrel-macos-arm64, r-oldrel-macos-x86_64, r-oldrel-windows-x86_64
Version: 3.0.2
Check: HTML version of manual
Result: NOTE
Found the following HTML validation problems:
favored.elo.html:88:1 (favored.elo.Rd:43): Warning: missing </ul> before </div>
rank.teams.html:76:1 (rank.teams.Rd:34): Warning: missing </ul> before </div>
Flavors: r-devel-linux-x86_64-debian-clang, r-devel-linux-x86_64-debian-gcc