Last updated on 2025-10-23 11:50:12 CEST.
Flavor | Version | Tinstall | Tcheck | Ttotal | Status | Flags |
---|---|---|---|---|---|---|
r-devel-linux-x86_64-debian-clang | 1.1-28 | 34.61 | 260.12 | 294.73 | OK | |
r-devel-linux-x86_64-debian-gcc | 1.1-28 | 23.90 | 159.02 | 182.92 | OK | |
r-devel-linux-x86_64-fedora-clang | 1.1-28 | 105.00 | 390.29 | 495.29 | NOTE | |
r-devel-linux-x86_64-fedora-gcc | 1.1-28 | 80.00 | 394.40 | 474.40 | NOTE | |
r-devel-windows-x86_64 | 1.1-28 | 40.00 | 208.00 | 248.00 | OK | |
r-patched-linux-x86_64 | 1.1-28 | 36.45 | 251.06 | 287.51 | OK | |
r-release-linux-x86_64 | 1.1-28 | 33.23 | 252.04 | 285.27 | OK | |
r-release-macos-arm64 | 1.1-28 | 17.00 | 107.00 | 124.00 | OK | |
r-release-macos-x86_64 | 1.1-28 | 31.00 | 261.00 | 292.00 | OK | |
r-release-windows-x86_64 | 1.1-28 | 40.00 | 211.00 | 251.00 | OK | |
r-oldrel-macos-arm64 | 1.1-28 | 14.00 | 87.00 | 101.00 | OK | |
r-oldrel-macos-x86_64 | 1.1-28 | 21.00 | 163.00 | 184.00 | OK | |
r-oldrel-windows-x86_64 | 1.1-28 | 51.00 | 279.00 | 330.00 | OK |
Version: 1.1-28
Check: compiled code
Result: NOTE
File ‘elsa/libs/elsa.so’:
Found no calls to: ‘R_registerRoutines’, ‘R_useDynamicSymbols’
It is good practice to register native routines and to disable symbol
search.
See ‘Writing portable packages’ in the ‘Writing R Extensions’ manual.
Flavors: r-devel-linux-x86_64-fedora-clang, r-devel-linux-x86_64-fedora-gcc