Last updated on 2025-10-21 17:49:46 CEST.
Flavor | Version | Tinstall | Tcheck | Ttotal | Status | Flags |
---|---|---|---|---|---|---|
r-devel-linux-x86_64-debian-clang | 0.9.8 | 7.24 | 50.31 | 57.55 | NOTE | |
r-devel-linux-x86_64-debian-gcc | 0.9.8 | 4.56 | 35.33 | 39.89 | NOTE | |
r-devel-linux-x86_64-fedora-clang | 0.9.8 | 21.00 | 74.97 | 95.97 | OK | |
r-devel-linux-x86_64-fedora-gcc | 0.9.8 | 17.00 | 85.61 | 102.61 | OK | |
r-devel-windows-x86_64 | 0.9.8 | 9.00 | 62.00 | 71.00 | OK | |
r-patched-linux-x86_64 | 0.9.8 | 6.66 | 48.56 | 55.22 | OK | |
r-release-linux-x86_64 | 0.9.8 | 7.59 | 47.91 | 55.50 | OK | |
r-release-macos-arm64 | 0.9.8 | 3.00 | 77.00 | 80.00 | OK | |
r-release-macos-x86_64 | 0.9.8 | 8.00 | 64.00 | 72.00 | OK | |
r-release-windows-x86_64 | 0.9.8 | 8.00 | 66.00 | 74.00 | OK | |
r-oldrel-macos-arm64 | 0.9.8 | 3.00 | 51.00 | 54.00 | OK | |
r-oldrel-macos-x86_64 | 0.9.8 | 6.00 | 103.00 | 109.00 | OK | |
r-oldrel-windows-x86_64 | 0.9.8 | 10.00 | 74.00 | 84.00 | OK |
Version: 0.9.8
Check: HTML version of manual
Result: NOTE
Found the following HTML validation problems:
hreal.html:103:1 (hreal.Rd:23): Warning: missing </ul> before </div>
hvol.html:95:1 (hvol.Rd:45): Warning: missing </ul> before </div>
Flavors: r-devel-linux-x86_64-debian-clang, r-devel-linux-x86_64-debian-gcc