Last updated on 2025-10-21 23:50:53 CEST.
Flavor | Version | Tinstall | Tcheck | Ttotal | Status | Flags |
---|---|---|---|---|---|---|
r-devel-linux-x86_64-debian-clang | 1.3.2 | 6.86 | 74.31 | 81.17 | NOTE | |
r-devel-linux-x86_64-debian-gcc | 1.3.2 | 5.99 | 52.51 | 58.50 | NOTE | |
r-devel-linux-x86_64-fedora-clang | 1.3.2 | 22.00 | 105.11 | 127.11 | OK | |
r-devel-linux-x86_64-fedora-gcc | 1.3.2 | 17.00 | 101.03 | 118.03 | OK | |
r-devel-windows-x86_64 | 1.3.2 | 9.00 | 80.00 | 89.00 | OK | |
r-patched-linux-x86_64 | 1.3.2 | 6.51 | 70.24 | 76.75 | OK | |
r-release-linux-x86_64 | 1.3.2 | 7.30 | 70.39 | 77.69 | OK | |
r-release-macos-arm64 | 1.3.2 | 4.00 | 33.00 | 37.00 | OK | |
r-release-macos-x86_64 | 1.3.2 | 6.00 | 69.00 | 75.00 | OK | |
r-release-windows-x86_64 | 1.3.2 | 8.00 | 85.00 | 93.00 | OK | |
r-oldrel-macos-arm64 | 1.3.2 | 3.00 | 31.00 | 34.00 | OK | |
r-oldrel-macos-x86_64 | 1.3.2 | 5.00 | 47.00 | 52.00 | OK | |
r-oldrel-windows-x86_64 | 1.3.2 | 11.00 | 103.00 | 114.00 | OK |
Version: 1.3.2
Check: CRAN incoming feasibility
Result: NOTE
Maintainer: ‘Jon Barry <jon.barry@cefas.co.uk>’
No Authors@R field in DESCRIPTION.
Please add one, modifying
Authors@R: c(person(given = "Jon",
family = "Barry",
role = c("aut", "cre"),
email = "jon.barry@cefas.co.uk"),
person(given = "David",
family = "Maxwell",
role = "aut"))
as necessary.
Found the following \keyword or \concept entries
which likely give several index terms:
File ‘emon-package.Rd’:
\keyword{power, ecological surveys, video surveys, [TRUNCATED]
Flavors: r-devel-linux-x86_64-debian-clang, r-devel-linux-x86_64-debian-gcc