Last updated on 2025-10-21 17:49:47 CEST.
Flavor | Version | Tinstall | Tcheck | Ttotal | Status | Flags |
---|---|---|---|---|---|---|
r-devel-linux-x86_64-debian-clang | 1.2.12 | 11.02 | 109.74 | 120.76 | NOTE | |
r-devel-linux-x86_64-debian-gcc | 1.2.12 | 5.78 | 74.56 | 80.34 | NOTE | |
r-devel-linux-x86_64-fedora-clang | 1.2.12 | 29.00 | 161.58 | 190.58 | OK | |
r-devel-linux-x86_64-fedora-gcc | 1.2.12 | 21.00 | 151.94 | 172.94 | OK | |
r-devel-windows-x86_64 | 1.2.12 | 13.00 | 134.00 | 147.00 | OK | |
r-patched-linux-x86_64 | 1.2.12 | 11.91 | 102.72 | 114.63 | OK | |
r-release-linux-x86_64 | 1.2.12 | 10.12 | 102.94 | 113.06 | OK | |
r-release-macos-arm64 | 1.2.12 | 5.00 | 53.00 | 58.00 | OK | |
r-release-macos-x86_64 | 1.2.12 | 7.00 | 88.00 | 95.00 | OK | |
r-release-windows-x86_64 | 1.2.12 | 16.00 | 139.00 | 155.00 | OK | |
r-oldrel-macos-arm64 | 1.2.12 | 4.00 | 51.00 | 55.00 | OK | |
r-oldrel-macos-x86_64 | 1.2.12 | 8.00 | 86.00 | 94.00 | OK | |
r-oldrel-windows-x86_64 | 1.2.12 | 16.00 | 167.00 | 183.00 | OK |
Version: 1.2.12
Check: HTML version of manual
Result: NOTE
Found the following HTML validation problems:
dot-euclid.html:50:1 (dot-euclid.Rd:12): Warning: missing </ul> before </div>
dot-interpCoordFromQuantile.html:73:1 (dot-interpCoordFromQuantile.Rd:27): Warning: missing </ul> before </div>
dot-scalePredictors.html:54:1 (dot-scalePredictors.Rd:14): Warning: missing </ul> before </div>
Flavors: r-devel-linux-x86_64-debian-clang, r-devel-linux-x86_64-debian-gcc