Last updated on 2025-10-21 17:49:47 CEST.
Flavor | Version | Tinstall | Tcheck | Ttotal | Status | Flags |
---|---|---|---|---|---|---|
r-devel-linux-x86_64-debian-clang | 0.2.1 | 44.14 | 248.06 | 292.20 | NOTE | |
r-devel-linux-x86_64-debian-gcc | 0.2.1 | 26.01 | 150.97 | 176.98 | NOTE | |
r-devel-linux-x86_64-fedora-clang | 0.2.1 | 203.00 | 299.10 | 502.10 | OK | |
r-devel-linux-x86_64-fedora-gcc | 0.2.1 | 82.00 | 374.33 | 456.33 | OK | |
r-devel-windows-x86_64 | 0.2.1 | 43.00 | 214.00 | 257.00 | OK | |
r-patched-linux-x86_64 | 0.2.1 | 40.34 | 234.24 | 274.58 | OK | |
r-release-linux-x86_64 | 0.2.1 | 39.15 | 235.26 | 274.41 | OK | |
r-release-macos-arm64 | 0.2.1 | 17.00 | 86.00 | 103.00 | OK | |
r-release-macos-x86_64 | 0.2.1 | 46.00 | 197.00 | 243.00 | OK | |
r-release-windows-x86_64 | 0.2.1 | 43.00 | 220.00 | 263.00 | OK | |
r-oldrel-macos-arm64 | 0.2.1 | 19.00 | 83.00 | 102.00 | OK | |
r-oldrel-macos-x86_64 | 0.2.1 | 33.00 | 181.00 | 214.00 | OK | |
r-oldrel-windows-x86_64 | 0.2.1 | 60.00 | 308.00 | 368.00 | OK |
Version: 0.2.1
Check: HTML version of manual
Result: NOTE
Found the following HTML validation problems:
plot_jk.html:73:1 (plot_jk.Rd:23): Warning: missing </ul> before </div>
print.html:55:1 (print.Rd:19): Warning: missing </ul> before </div>
Flavors: r-devel-linux-x86_64-debian-clang, r-devel-linux-x86_64-debian-gcc