Last updated on 2024-05-26 21:49:15 CEST.
Flavor | Version | Tinstall | Tcheck | Ttotal | Status | Flags |
---|---|---|---|---|---|---|
r-devel-linux-x86_64-debian-clang | 0.2.2 | 3.62 | 27.11 | 30.73 | NOTE | |
r-devel-linux-x86_64-debian-gcc | 0.2.2 | 2.33 | 21.32 | 23.65 | NOTE | |
r-devel-linux-x86_64-fedora-clang | 0.2.2 | 40.78 | NOTE | |||
r-devel-linux-x86_64-fedora-gcc | 0.2.2 | 37.85 | NOTE | |||
r-devel-windows-x86_64 | 0.2.2 | 4.00 | 43.00 | 47.00 | NOTE | |
r-patched-linux-x86_64 | 0.2.2 | 2.54 | 26.82 | 29.36 | NOTE | |
r-release-linux-x86_64 | 0.2.2 | 3.12 | 26.44 | 29.56 | NOTE | |
r-release-macos-arm64 | 0.2.2 | 18.00 | NOTE | |||
r-release-windows-x86_64 | 0.2.2 | 3.00 | 44.00 | 47.00 | NOTE | |
r-oldrel-macos-arm64 | 0.2.2 | 18.00 | OK | |||
r-oldrel-macos-x86_64 | 0.2.2 | 22.00 | OK | |||
r-oldrel-windows-x86_64 | 0.2.2 | 6.00 | 43.00 | 49.00 | OK |
Version: 0.2.2
Check: Rd files
Result: NOTE
checkRd: (-1) enp.Rd:30: Lost braces in \itemize; \value handles \item{}{} directly
checkRd: (-1) enp.Rd:31: Lost braces in \itemize; \value handles \item{}{} directly
checkRd: (-1) evolat.Rd:49: Lost braces in \itemize; \value handles \item{}{} directly
checkRd: (-1) evolat.Rd:50: Lost braces in \itemize; \value handles \item{}{} directly
checkRd: (-1) psns.Rd:37: Lost braces in \itemize; \value handles \item{}{} directly
checkRd: (-1) psns.Rd:38: Lost braces in \itemize; \value handles \item{}{} directly
Flavors: r-devel-linux-x86_64-debian-clang, r-devel-linux-x86_64-debian-gcc, r-devel-linux-x86_64-fedora-clang, r-devel-linux-x86_64-fedora-gcc, r-devel-windows-x86_64, r-patched-linux-x86_64, r-release-linux-x86_64, r-release-macos-arm64, r-release-windows-x86_64