Last updated on 2025-10-24 05:50:38 CEST.
| Flavor | Version | Tinstall | Tcheck | Ttotal | Status | Flags |
|---|---|---|---|---|---|---|
| r-devel-linux-x86_64-debian-clang | 1.0 | 15.09 | 103.32 | 118.41 | NOTE | |
| r-devel-linux-x86_64-debian-gcc | 1.0 | 7.94 | 72.16 | 80.10 | NOTE | |
| r-devel-linux-x86_64-fedora-clang | 1.0 | 74.00 | 115.42 | 189.42 | NOTE | |
| r-devel-linux-x86_64-fedora-gcc | 1.0 | 73.00 | 107.54 | 180.54 | NOTE | |
| r-devel-windows-x86_64 | 1.0 | 19.00 | 112.00 | 131.00 | OK | |
| r-patched-linux-x86_64 | 1.0 | 15.62 | 97.51 | 113.13 | OK | |
| r-release-linux-x86_64 | 1.0 | 15.85 | 98.10 | 113.95 | OK | |
| r-release-macos-arm64 | 1.0 | 6.00 | 42.00 | 48.00 | OK | |
| r-release-macos-x86_64 | 1.0 | 18.00 | 93.00 | 111.00 | OK | |
| r-release-windows-x86_64 | 1.0 | 19.00 | 115.00 | 134.00 | OK | |
| r-oldrel-macos-arm64 | 1.0 | 7.00 | 47.00 | 54.00 | OK | |
| r-oldrel-macos-x86_64 | 1.0 | 19.00 | 104.00 | 123.00 | NOTE | |
| r-oldrel-windows-x86_64 | 1.0 | 25.00 | 150.00 | 175.00 | OK |
Version: 1.0
Check: HTML version of manual
Result: NOTE
Found the following HTML validation problems:
print.resumen.html:51:1 (print.resumen.Rd:12): Warning: missing </ul> before </div>
Flavor: r-devel-linux-x86_64-debian-clang
Version: 1.0
Check: Rd files
Result: NOTE
checkRd: (-1) coeficiente.variacion.Rd:32: height/width attributes should be in pixels
checkRd: (-1) coeficiente.variacion.Rd:38: height/width attributes should be in pixels
checkRd: (-1) coeficiente.variacion.Rd:46: height/width attributes should be in pixels
checkRd: (-1) contraste.correlacion.Rd:41: height/width attributes should be in pixels
checkRd: (-1) contraste.diferencia.medias.Rd:49: height/width attributes should be in pixels
checkRd: (-1) contraste.diferencia.proporciones.Rd:43: height/width attributes should be in pixels
checkRd: (-1) contraste.diferencia.proporciones.Rd:51: height/width attributes should be in pixels
checkRd: (-1) contraste.diferencia.proporciones.Rd:56: height/width attributes should be in pixels
checkRd: (-1) contraste.diferencia.proporciones.Rd:61: height/width attributes should be in pixels
checkRd: (-1) contraste.media.Rd:46: height/width attributes should be in pixels
checkRd: (-1) contraste.media.Rd:52: height/width attributes should be in pixels
checkRd: (-1) contraste.media.Rd:63: height/width attributes should be in pixels
checkRd: (-1) contraste.media.Rd:68: height/width attributes should be in pixels
checkRd: (-1) contraste.proporcion.Rd:43: height/width attributes should be in pixels
checkRd: (-1) contraste.proporcion.Rd:49: height/width attributes should be in pixels
checkRd: (-1) contraste.razon.varianzas.Rd:43: height/width attributes should be in pixels
checkRd: (-1) contraste.razon.varianzas.Rd:49: height/width attributes should be in pixels
checkRd: (-1) contraste.razon.varianzas.Rd:57: height/width attributes should be in pixels
checkRd: (-1) contraste.razon.varianzas.Rd:62: height/width attributes should be in pixels
checkRd: (-1) contraste.varianza.Rd:44: height/width attributes should be in pixels
checkRd: (-1) contraste.varianza.Rd:52: height/width attributes should be in pixels
checkRd: (-1) contraste.varianza.Rd:57: height/width attributes should be in pixels
checkRd: (-1) contraste.varianza.Rd:64: height/width attributes should be in pixels
checkRd: (-1) correlacion.Rd:24: height/width attributes should be in pixels
checkRd: (-1) correlacion.Rd:30: height/width attributes should be in pixels
checkRd: (-1) correlacion.Rd:38: height/width attributes should be in pixels
checkRd: (-1) covarianza.Rd:26: height/width attributes should be in pixels
checkRd: (-1) covarianza.Rd:32: height/width attributes should be in pixels
checkRd: (-1) covarianza.Rd:37: height/width attributes should be in pixels
checkRd: (-1) covarianza.Rd:45: height/width attributes should be in pixels
checkRd: (-1) cuantiles.Rd:34: height/width attributes should be in pixels
checkRd: (-1) cuantiles.Rd:40: height/width attributes should be in pixels
checkRd: (-1) desviacion.Rd:26: height/width attributes should be in pixels
checkRd: (-1) desviacion.Rd:32: height/width attributes should be in pixels
checkRd: (-1) desviacion.Rd:39: height/width attributes should be in pixels
checkRd: (-1) desviacion.Rd:47: height/width attributes should be in pixels
checkRd: (-1) ic.correlacion.Rd:27: height/width attributes should be in pixels
checkRd: (-1) ic.correlacion.Rd:32: height/width attributes should be in pixels
checkRd: (-1) ic.diferencia.medias.Rd:40: height/width attributes should be in pixels
checkRd: (-1) ic.diferencia.medias.Rd:48: height/width attributes should be in pixels
checkRd: (-1) ic.diferencia.medias.Rd:59: height/width attributes should be in pixels
checkRd: (-1) ic.diferencia.medias.Rd:64: height/width attributes should be in pixels
checkRd: (-1) ic.diferencia.medias.Rd:73: height/width attributes should be in pixels
checkRd: (-1) ic.diferencia.medias.Rd:78: height/width attributes should be in pixels
checkRd: (-1) ic.diferencia.medias.Rd:83: height/width attributes should be in pixels
checkRd: (-1) ic.diferencia.medias.Rd:88: height/width attributes should be in pixels
checkRd: (-1) ic.diferencia.proporciones.Rd:29: height/width attributes should be in pixels
checkRd: (-1) ic.diferencia.proporciones.Rd:35: height/width attributes should be in pixels
checkRd: (-1) ic.media.Rd:40: height/width attributes should be in pixels
checkRd: (-1) ic.media.Rd:46: height/width attributes should be in pixels
checkRd: (-1) ic.media.Rd:51: height/width attributes should be in pixels
checkRd: (-1) ic.media.Rd:58: height/width attributes should be in pixels
checkRd: (-1) ic.media.Rd:63: height/width attributes should be in pixels
checkRd: (-1) ic.proporcion.Rd:37: height/width attributes should be in pixels
checkRd: (-1) ic.proporcion.Rd:43: height/width attributes should be in pixels
checkRd: (-1) ic.proporcion.Rd:54: height/width attributes should be in pixels
checkRd: (-1) ic.proporcion.Rd:59: height/width attributes should be in pixels
checkRd: (-1) ic.razon.varianzas.Rd:37: height/width attributes should be in pixels
checkRd: (-1) ic.razon.varianzas.Rd:43: height/width attributes should be in pixels
checkRd: (-1) ic.razon.varianzas.Rd:52: height/width attributes should be in pixels
checkRd: (-1) ic.razon.varianzas.Rd:57: height/width attributes should be in pixels
checkRd: (-1) ic.razon.varianzas.Rd:63: height/width attributes should be in pixels
checkRd: (-1) ic.razon.varianzas.Rd:68: height/width attributes should be in pixels
checkRd: (-1) ic.razon.varianzas.Rd:73: height/width attributes should be in pixels
checkRd: (-1) ic.razon.varianzas.Rd:78: height/width attributes should be in pixels
checkRd: (-1) ic.varianza.Rd:37: height/width attributes should be in pixels
checkRd: (-1) ic.varianza.Rd:43: height/width attributes should be in pixels
checkRd: (-1) ic.varianza.Rd:50: height/width attributes should be in pixels
checkRd: (-1) ic.varianza.Rd:55: height/width attributes should be in pixels
checkRd: (-1) leer.datos.Rd:20: height/width attributes should be in pixels
checkRd: (-1) matriz.correlacion.Rd:24: height/width attributes should be in pixels
checkRd: (-1) matriz.correlacion.Rd:30: height/width attributes should be in pixels
checkRd: (-1) matriz.correlacion.Rd:36: height/width attributes should be in pixels
checkRd: (-1) matriz.covar.Rd:31: height/width attributes should be in pixels
checkRd: (-1) matriz.covar.Rd:37: height/width attributes should be in pixels
checkRd: (-1) matriz.covar.Rd:42: height/width attributes should be in pixels
checkRd: (-1) matriz.covar.Rd:50: height/width attributes should be in pixels
checkRd: (-1) media.Rd:24: height/width attributes should be in pixels
checkRd: (-1) mediana.Rd:24: height/width attributes should be in pixels
checkRd: (-1) mediana.Rd:30: height/width attributes should be in pixels
checkRd: (-1) medidas.forma.Rd:31: height/width attributes should be in pixels
checkRd: (-1) medidas.forma.Rd:37: height/width attributes should be in pixels
checkRd: (-1) medidas.forma.Rd:42: height/width attributes should be in pixels
checkRd: (-1) medidas.forma.Rd:48: height/width attributes should be in pixels
checkRd: (-1) medidas.forma.Rd:53: height/width attributes should be in pixels
checkRd: (-1) medidas.forma.Rd:59: height/width attributes should be in pixels
checkRd: (-1) medidas.forma.Rd:62: height/width attributes should be in pixels
checkRd: (-1) moda.Rd:24: height/width attributes should be in pixels
checkRd: (-1) muestra.Rd:31: height/width attributes should be in pixels
checkRd: (-1) muestra.Rd:34: height/width attributes should be in pixels
checkRd: (-1) muestra.Rd:40: height/width attributes should be in pixels
checkRd: (-1) muestra.Rd:45: height/width attributes should be in pixels
checkRd: (-1) muestra.Rd:52: height/width attributes should be in pixels
checkRd: (-1) muestra.Rd:57: height/width attributes should be in pixels
checkRd: (-1) regresion.simple.Rd:44: height/width attributes should be in pixels
checkRd: (-1) regresion.simple.Rd:47: height/width attributes should be in pixels
checkRd: (-1) regresion.simple.Rd:54: height/width attributes should be in pixels
checkRd: (-1) regresion.simple.Rd:59: height/width attributes should be in pixels
checkRd: (-1) regresion.simple.Rd:64: height/width attributes should be in pixels
checkRd: (-1) regresion.simple.Rd:69: height/width attributes should be in pixels
checkRd: (-1) regresion.simple.Rd:76: height/width attributes should be in pixels
checkRd: (-1) regresion.simple.Rd:81: height/width attributes should be in pixels
checkRd: (-1) resumen.descriptivos.Rd:26: height/width attributes should be in pixels
checkRd: (-1) series.temporales.Rd:55: height/width attributes should be in pixels
checkRd: (-1) tabla.bidimensional.Rd:37: height/width attributes should be in pixels
checkRd: (-1) tabla.frecuencias.Rd:26: height/width attributes should be in pixels
checkRd: (-1) unir.vectores.Rd:18: height/width attributes should be in pixels
checkRd: (-1) varianza.Rd:26: height/width attributes should be in pixels
checkRd: (-1) varianza.Rd:32: height/width attributes should be in pixels
checkRd: (-1) varianza.Rd:39: height/width attributes should be in pixels
checkRd: (-1) varianza.Rd:48: height/width attributes should be in pixels
Flavors: r-devel-linux-x86_64-debian-gcc, r-devel-linux-x86_64-fedora-clang, r-devel-linux-x86_64-fedora-gcc
Version: 1.0
Check: installed package size
Result: NOTE
installed size is 5.5Mb
sub-directories of 1Mb or more:
data 3.4Mb
help 1.5Mb
Flavor: r-oldrel-macos-x86_64