Last updated on 2025-10-24 05:50:38 CEST.
| Flavor | Version | Tinstall | Tcheck | Ttotal | Status | Flags |
|---|---|---|---|---|---|---|
| r-devel-linux-x86_64-debian-clang | 0.2.0 | 4.57 | 40.92 | 45.49 | NOTE | |
| r-devel-linux-x86_64-debian-gcc | 0.2.0 | 3.48 | 29.21 | 32.69 | OK | |
| r-devel-linux-x86_64-fedora-clang | 0.2.0 | 15.00 | 55.02 | 70.02 | OK | |
| r-devel-linux-x86_64-fedora-gcc | 0.2.0 | 11.00 | 50.52 | 61.52 | OK | |
| r-devel-windows-x86_64 | 0.2.0 | 6.00 | 54.00 | 60.00 | OK | |
| r-patched-linux-x86_64 | 0.2.0 | 4.78 | 36.38 | 41.16 | OK | |
| r-release-linux-x86_64 | 0.2.0 | 5.09 | 36.85 | 41.94 | OK | |
| r-release-macos-arm64 | 0.2.0 | 2.00 | 21.00 | 23.00 | OK | |
| r-release-macos-x86_64 | 0.2.0 | 5.00 | 37.00 | 42.00 | OK | |
| r-release-windows-x86_64 | 0.2.0 | 9.00 | 56.00 | 65.00 | OK | |
| r-oldrel-macos-arm64 | 0.2.0 | 3.00 | 20.00 | 23.00 | OK | |
| r-oldrel-macos-x86_64 | 0.2.0 | 4.00 | 28.00 | 32.00 | OK | |
| r-oldrel-windows-x86_64 | 0.2.0 | 11.00 | 67.00 | 78.00 | OK |
Version: 0.2.0
Check: HTML version of manual
Result: NOTE
Found the following HTML validation problems:
dot-inheritParams.html:82:1 (dot-inheritParams.Rd:30): Warning: missing </ul> before </div>
Flavor: r-devel-linux-x86_64-debian-clang