Last updated on 2025-10-21 23:50:53 CEST.
Flavor | Version | Tinstall | Tcheck | Ttotal | Status | Flags |
---|---|---|---|---|---|---|
r-devel-linux-x86_64-debian-clang | 0.2.6 | 11.11 | 98.26 | 109.37 | NOTE | |
r-devel-linux-x86_64-debian-gcc | 0.2.6 | 8.17 | 68.94 | 77.11 | NOTE | |
r-devel-linux-x86_64-fedora-clang | 0.2.6 | 29.00 | 140.69 | 169.69 | NOTE | |
r-devel-linux-x86_64-fedora-gcc | 0.2.6 | 21.00 | 149.29 | 170.29 | NOTE | |
r-devel-windows-x86_64 | 0.2.6 | 12.00 | 108.00 | 120.00 | OK | |
r-patched-linux-x86_64 | 0.2.6 | 10.52 | 94.54 | 105.06 | OK | |
r-release-linux-x86_64 | 0.2.6 | 11.43 | 93.64 | 105.07 | OK | |
r-release-macos-arm64 | 0.2.6 | 6.00 | 53.00 | 59.00 | OK | |
r-release-macos-x86_64 | 0.2.6 | 9.00 | 94.00 | 103.00 | OK | |
r-release-windows-x86_64 | 0.2.6 | 13.00 | 109.00 | 122.00 | OK | |
r-oldrel-macos-arm64 | 0.2.6 | 4.00 | 42.00 | 46.00 | OK | |
r-oldrel-macos-x86_64 | 0.2.6 | 8.00 | 73.00 | 81.00 | OK | |
r-oldrel-windows-x86_64 | 0.2.6 | 16.00 | 133.00 | 149.00 | OK |
Version: 0.2.6
Check: CRAN incoming feasibility
Result: NOTE
Maintainer: ‘Brian Bader <bbader.stat@gmail.com>’
Package CITATION file contains call(s) to old-style personList() or
as.personList(). Please use c() on person objects instead.
Package CITATION file contains call(s) to old-style citEntry(). Please
use bibentry() instead.
Flavors: r-devel-linux-x86_64-debian-clang, r-devel-linux-x86_64-debian-gcc
Version: 0.2.6
Check: dependencies in R code
Result: NOTE
Namespace in Imports field not imported from: ‘EnvStats’
All declared Imports should be used.
Flavors: r-devel-linux-x86_64-fedora-clang, r-devel-linux-x86_64-fedora-gcc