CRAN Package Check Results for Package evident

Last updated on 2025-10-21 23:50:53 CEST.

Flavor Version Tinstall Tcheck Ttotal Status Flags
r-devel-linux-x86_64-debian-clang 1.0.4 1.15 21.48 22.63 NOTE
r-devel-linux-x86_64-debian-gcc 1.0.4 1.09 16.47 17.56 NOTE
r-devel-linux-x86_64-fedora-clang 1.0.4 36.92 OK
r-devel-linux-x86_64-fedora-gcc 1.0.4 33.97 OK
r-devel-windows-x86_64 1.0.4 3.00 41.00 44.00 OK
r-patched-linux-x86_64 1.0.4 1.79 19.64 21.43 OK
r-release-linux-x86_64 1.0.4 1.46 19.48 20.94 OK
r-release-macos-arm64 1.0.4 1.00 16.00 17.00 OK
r-release-macos-x86_64 1.0.4 2.00 22.00 24.00 OK
r-release-windows-x86_64 1.0.4 3.00 43.00 46.00 OK
r-oldrel-macos-arm64 1.0.4 1.00 14.00 15.00 OK
r-oldrel-macos-x86_64 1.0.4 2.00 29.00 31.00 OK
r-oldrel-windows-x86_64 1.0.4 3.00 46.00 49.00 OK

Check Details

Version: 1.0.4
Check: CRAN incoming feasibility
Result: NOTE Maintainer: ‘Paul R. Rosenbaum <rosenbaum@wharton.upenn.edu>’ No Authors@R field in DESCRIPTION. Please add one, modifying Authors@R: person(given = c("Paul", "R."), family = "Rosenbaum", role = c("aut", "cre"), email = "rosenbaum@wharton.upenn.edu") as necessary. Flavors: r-devel-linux-x86_64-debian-clang, r-devel-linux-x86_64-debian-gcc